{"id":261,"date":"2026-02-27T18:14:50","date_gmt":"2026-02-27T21:14:50","guid":{"rendered":"https:\/\/ihc.sbc.org.br\/2026\/?page_id=261"},"modified":"2026-04-09T18:47:45","modified_gmt":"2026-04-09T21:47:45","slug":"topicos","status":"publish","type":"page","link":"https:\/\/ihc.sbc.org.br\/2026\/index.php\/topicos\/","title":{"rendered":"T\u00f3picos"},"content":{"rendered":"\t\t<div data-elementor-type=\"wp-page\" data-elementor-id=\"261\" class=\"elementor elementor-261\">\n\t\t\t\t<div class=\"elementor-element elementor-element-138b4c1 e-flex e-con-boxed e-con e-parent\" data-id=\"138b4c1\" data-element_type=\"container\" data-e-type=\"container\" data-settings=\"{&quot;background_background&quot;:&quot;classic&quot;,&quot;shape_divider_bottom&quot;:&quot;opacity-tilt&quot;}\">\n\t\t\t\t\t<div class=\"e-con-inner\">\n\t\t\t\t<div class=\"elementor-shape elementor-shape-bottom\" aria-hidden=\"true\" data-negative=\"false\">\n\t\t\t<svg xmlns=\"http:\/\/www.w3.org\/2000\/svg\" viewBox=\"0 0 2600 131.1\" preserveAspectRatio=\"none\">\n\t<path class=\"elementor-shape-fill\" d=\"M0 0L2600 0 2600 69.1 0 0z\"\/>\n\t<path class=\"elementor-shape-fill\" style=\"opacity:0.5\" d=\"M0 0L2600 0 2600 69.1 0 69.1z\"\/>\n\t<path class=\"elementor-shape-fill\" style=\"opacity:0.25\" d=\"M2600 0L0 0 0 130.1 2600 69.1z\"\/>\n<\/svg>\t\t<\/div>\n\t\t\t\t<div class=\"elementor-element elementor-element-1a91b82 elementor-widget elementor-widget-page-title\" data-id=\"1a91b82\" data-element_type=\"widget\" data-e-type=\"widget\" data-widget_type=\"page-title.default\">\n\t\t\t\t<div class=\"elementor-widget-container\">\n\t\t\t\t\t\t\t\n\t\t<div class=\"hfe-page-title hfe-page-title-wrapper elementor-widget-heading\">\n\n\t\t\t\t\t\t\t\t\t\t\t<a href=\"https:\/\/ihc.sbc.org.br\/2026\">\n\t\t\t\t\t\t<h1 class=\"elementor-heading-title elementor-size-default\">\n\t\t\t\t\t\t\t\t\n\t\t\t\tT\u00f3picos  \n\t\t\t<\/h1 > \n\t\t\t\t\t\t\t\t\t<\/a>\n\t\t\t\t\t<\/div>\n\t\t\t\t\t\t<\/div>\n\t\t\t\t<\/div>\n\t\t\t\t<div class=\"elementor-element elementor-element-cd04ed8 elementor-widget-divider--view-line elementor-widget elementor-widget-divider\" data-id=\"cd04ed8\" data-element_type=\"widget\" data-e-type=\"widget\" data-widget_type=\"divider.default\">\n\t\t\t\t\t\t\t<div class=\"elementor-divider\">\n\t\t\t<span class=\"elementor-divider-separator\">\n\t\t\t\t\t\t<\/span>\n\t\t<\/div>\n\t\t\t\t\t\t<\/div>\n\t\t\t\t\t<\/div>\n\t\t\t\t<\/div>\n\t\t<div class=\"elementor-element elementor-element-e46e49a e-flex e-con-boxed e-con e-parent\" data-id=\"e46e49a\" data-element_type=\"container\" data-e-type=\"container\">\n\t\t\t\t\t<div class=\"e-con-inner\">\n\t\t\t\t<div class=\"elementor-element elementor-element-4695070 elementor-widget elementor-widget-spacer\" data-id=\"4695070\" data-element_type=\"widget\" data-e-type=\"widget\" data-widget_type=\"spacer.default\">\n\t\t\t\t\t\t\t<div class=\"elementor-spacer\">\n\t\t\t<div class=\"elementor-spacer-inner\"><\/div>\n\t\t<\/div>\n\t\t\t\t\t\t<\/div>\n\t\t\t\t\t<\/div>\n\t\t\t\t<\/div>\n\t\t<div class=\"elementor-element elementor-element-d1aeb15 e-flex e-con-boxed e-con e-parent\" data-id=\"d1aeb15\" data-element_type=\"container\" data-e-type=\"container\">\n\t\t\t\t\t<div class=\"e-con-inner\">\n\t\t<div class=\"elementor-element elementor-element-3ea77dc e-con-full e-flex e-con e-child\" data-id=\"3ea77dc\" data-element_type=\"container\" data-e-type=\"container\">\n\t\t\t\t<div class=\"elementor-element elementor-element-dd06c4b elementor-widget elementor-widget-text-editor\" data-id=\"dd06c4b\" data-element_type=\"widget\" data-e-type=\"widget\" data-widget_type=\"text-editor.default\">\n\t\t\t\t\t\t\t\t\t<div class=\"elementor-element elementor-element-cd1df34 elementor-widget elementor-widget-heading\" data-id=\"cd1df34\" data-element_type=\"widget\" data-e-type=\"widget\" data-widget_type=\"heading.default\"><div class=\"elementor-widget-container\"><h3 class=\"elementor-heading-title elementor-size-default\">IHC na Sociedade<\/h3><p>\u00a0<\/p><\/div><\/div><div class=\"elementor-element elementor-element-366d67c elementor-widget elementor-widget-text-editor\" data-id=\"366d67c\" data-element_type=\"widget\" data-e-type=\"widget\" data-widget_type=\"text-editor.default\"><div class=\"elementor-widget-container\"><div class=\"toUqff DbpAnb mARxl AL18ce HRaT6d\" data-hovercard-id=\"rprates@dcc.ufmg.br\" data-hovercard-keyboard-triggering=\"enabled\" data-hovercard-owner-id=\"24\"><div class=\"OtJRb bgOWSb\"><div class=\"UfeRlc\"><div class=\"LUPZee\"><ul><li>Acessibilidade e tecnologias assistivas<\/li><li>Aspectos legais e \u00e9ticos em IHC<\/li><li>Aspectos sociais da IHC<\/li><li>Atua\u00e7\u00e3o do profissional em IHC no mercado e na ind\u00fastria\u00a0<\/li><li>Cultura e IHC<\/li><li>Ensino de IHC<\/li><li>G\u00eanero e minorias<\/li><li>Governo eletr\u00f4nico e cidadania<\/li><li>Intera\u00e7\u00e3o de pessoas idosas<\/li><li>Letramento digital e pensamento computacional<\/li><li>Valores humanos<\/li><\/ul><p>\u00a0<\/p><\/div><\/div><\/div><\/div><\/div><\/div><div class=\"elementor-element elementor-element-46c305a elementor-widget elementor-widget-heading\" data-id=\"46c305a\" data-element_type=\"widget\" data-e-type=\"widget\" data-widget_type=\"heading.default\"><div class=\"elementor-widget-container\"><h3 class=\"elementor-heading-title elementor-size-default\">Design e Avalia\u00e7\u00e3o de Sistemas Interativos<\/h3><p>\u00a0<\/p><\/div><\/div><div class=\"elementor-element elementor-element-5fb1471 elementor-widget elementor-widget-text-editor\" data-id=\"5fb1471\" data-element_type=\"widget\" data-e-type=\"widget\" data-widget_type=\"text-editor.default\"><div class=\"elementor-widget-container\"><ul><li>An\u00e1lise de dom\u00ednio, tarefas e usu\u00e1rios<\/li><li>Computa\u00e7\u00e3o afetiva e aspectos emocionais em IHC<\/li><li>Design participativo<\/li><li>Design de intera\u00e7\u00e3o e experi\u00eancia do usu\u00e1rio<\/li><li>Estudos emp\u00edricos sobre experi\u00eancia ou impacto do uso de tecnologia<\/li><li>Sistemas de ajuda e tutoriais em IHC<\/li><li>Modelos, m\u00e9todos e formalismos para o design de interface e de intera\u00e7\u00e3o<\/li><li>Ferramentas e t\u00e9cnicas para o design de interface e de intera\u00e7\u00e3o<\/li><li>Modelos, m\u00e9todos e formalismos para a avalia\u00e7\u00e3o de interfaces de usu\u00e1rio<\/li><li>Ferramentas e t\u00e9cnicas para a avalia\u00e7\u00e3o de interfaces de usu\u00e1rio<\/li><li>Programa\u00e7\u00e3o e desenvolvimento pelo usu\u00e1rio final<\/li><\/ul><p>\u00a0<\/p><div class=\"elementor-element elementor-element-b2c22f0 elementor-widget elementor-widget-heading\" data-id=\"b2c22f0\" data-element_type=\"widget\" data-e-type=\"widget\" data-widget_type=\"heading.default\"><div class=\"elementor-widget-container\"><h3 class=\"elementor-heading-title elementor-size-default\">\u00c1reas Espec\u00edficas de Aplica\u00e7\u00e3o<\/h3><p>\u00a0<\/p><\/div><\/div><div class=\"elementor-element elementor-element-b735118 elementor-widget elementor-widget-text-editor\" data-id=\"b735118\" data-element_type=\"widget\" data-e-type=\"widget\" data-widget_type=\"text-editor.default\"><div class=\"elementor-widget-container\"><div class=\"toUqff DbpAnb mARxl AL18ce HRaT6d\" data-hovercard-id=\"rprates@dcc.ufmg.br\" data-hovercard-keyboard-triggering=\"enabled\" data-hovercard-owner-id=\"24\"><div class=\"OtJRb bgOWSb\"><div class=\"UfeRlc\"><div class=\"LUPZee\"><ul><li>Cidades e ambientes inteligentes<\/li><li>Design de intera\u00e7\u00e3o e crian\u00e7as<\/li><li>Design e avalia\u00e7\u00e3o de jogos digitais<\/li><li>Ecodesign<\/li><li>Entretenimento digital<\/li><li>IHC e sa\u00fade e bem-estar<\/li><li>IHC para o trabalho<\/li><li>Legado digital<\/li><li>Comunidades online, m\u00eddias sociais, redes e softwares sociais\u00a0<\/li><li>IHC em ambientes virtuais de aprendizagem e MOOCs<\/li><li>Visualiza\u00e7\u00e3o de informa\u00e7\u00e3o<\/li><\/ul><\/div><\/div><\/div><\/div><\/div><\/div><\/div><\/div>\t\t\t\t\t\t\t\t<\/div>\n\t\t\t\t<\/div>\n\t\t<div class=\"elementor-element elementor-element-fbbad2e e-con-full e-flex e-con e-child\" data-id=\"fbbad2e\" data-element_type=\"container\" data-e-type=\"container\">\n\t\t\t\t<div class=\"elementor-element elementor-element-cac004e elementor-widget elementor-widget-text-editor\" data-id=\"cac004e\" data-element_type=\"widget\" data-e-type=\"widget\" data-widget_type=\"text-editor.default\">\n\t\t\t\t\t\t\t\t\t<div class=\"elementor-element elementor-element-505e006 elementor-widget elementor-widget-heading\" data-id=\"505e006\" data-element_type=\"widget\" data-e-type=\"widget\" data-widget_type=\"heading.default\"><div class=\"elementor-widget-container\"><h3 class=\"elementor-heading-title elementor-size-default\">Intera\u00e7\u00e3o entre \u00c1reas<\/h3><p>\u00a0<\/p><\/div><\/div><div class=\"elementor-element elementor-element-92baa18 elementor-widget elementor-widget-text-editor\" data-id=\"92baa18\" data-element_type=\"widget\" data-e-type=\"widget\" data-widget_type=\"text-editor.default\"><div class=\"elementor-widget-container\"><ul><li>Intelig\u00eancia artificial, aprendizado de m\u00e1quina e IHC<\/li><li>Computa\u00e7\u00e3o ub\u00edqua e IHC<\/li><li>Educa\u00e7\u00e3o e IHC<\/li><li>Engenharia de Software e IHC<\/li><li>Ergonomia e IHC<\/li><li>Sistemas colaborativos e IHC<\/li><li>Sustentabilidade e IHC<\/li><li>Arte digital e IHC<\/li><\/ul><p>\u00a0<\/p><\/div><\/div><div class=\"elementor-element elementor-element-dea3abd elementor-widget elementor-widget-heading\" data-id=\"dea3abd\" data-element_type=\"widget\" data-e-type=\"widget\" data-widget_type=\"heading.default\"><div class=\"elementor-widget-container\"><h3 class=\"elementor-heading-title elementor-size-default\">Teorias e Abordagens Te\u00f3ricas de IHC<\/h3><p>\u00a0<\/p><\/div><\/div><div class=\"elementor-element elementor-element-6f80205 elementor-widget elementor-widget-text-editor\" data-id=\"6f80205\" data-element_type=\"widget\" data-e-type=\"widget\" data-widget_type=\"text-editor.default\"><div class=\"elementor-widget-container\"><ul><li>Abordagens cognitivas<\/li><li>Abordagens semi\u00f3ticas<\/li><li>Engenharia cognitiva e cogni\u00e7\u00e3o distribu\u00edda<\/li><li>Engenharia semi\u00f3tica<\/li><li>Semi\u00f3tica organizacional<\/li><li>Teoria da atividade<\/li><li>Teorias de comunica\u00e7\u00e3o ou colabora\u00e7\u00e3o<\/li><li>Outras abordagens te\u00f3ricas<\/li><\/ul><p>\u00a0<\/p><\/div><\/div><div class=\"elementor-element elementor-element-62e6f6c elementor-widget elementor-widget-heading\" data-id=\"62e6f6c\" data-element_type=\"widget\" data-e-type=\"widget\" data-widget_type=\"heading.default\"><div class=\"elementor-widget-container\"><h3 class=\"elementor-heading-title elementor-size-default\">Formas de Intera\u00e7\u00e3o<\/h3><p>\u00a0<\/p><\/div><\/div><div class=\"elementor-element elementor-element-d42519a elementor-widget elementor-widget-text-editor\" data-id=\"d42519a\" data-element_type=\"widget\" data-e-type=\"widget\" data-widget_type=\"text-editor.default\"><div class=\"elementor-widget-container\"><ul><li>Interfaces 3D<\/li><li>Interfaces inteligentes, adapt\u00e1veis e adaptativas<\/li><li>Interfaces de usu\u00e1rio naturais\u00a0<\/li><li>Interfaces de usu\u00e1rio tang\u00edveis<\/li><li>Interfaces multimodais<\/li><li>Realidade virtual e realidade aumentada<\/li><li>Internet das coisas<\/li><li>Intera\u00e7\u00e3o sens\u00edvel ao contexto<\/li><li>Intera\u00e7\u00e3o em dispositivos m\u00f3veis<\/li><li>Paradigmas emergentes de intera\u00e7\u00e3o<\/li><\/ul><\/div><\/div>\t\t\t\t\t\t\t\t<\/div>\n\t\t\t\t<\/div>\n\t\t\t\t\t<\/div>\n\t\t\t\t<\/div>\n\t\t<div class=\"elementor-element elementor-element-b1922f0 e-flex e-con-boxed e-con e-parent\" data-id=\"b1922f0\" data-element_type=\"container\" data-e-type=\"container\">\n\t\t\t\t\t<div class=\"e-con-inner\">\n\t\t\t\t<div class=\"elementor-element elementor-element-d2c1ddd elementor-widget elementor-widget-spacer\" data-id=\"d2c1ddd\" data-element_type=\"widget\" data-e-type=\"widget\" data-widget_type=\"spacer.default\">\n\t\t\t\t\t\t\t<div class=\"elementor-spacer\">\n\t\t\t<div class=\"elementor-spacer-inner\"><\/div>\n\t\t<\/div>\n\t\t\t\t\t\t<\/div>\n\t\t\t\t\t<\/div>\n\t\t\t\t<\/div>\n\t\t\t\t<\/div>\n\t\t","protected":false},"excerpt":{"rendered":"<p>T\u00f3picos IHC na Sociedade \u00a0 Acessibilidade e tecnologias assistivas Aspectos legais e \u00e9ticos em IHC Aspectos sociais da IHC Atua\u00e7\u00e3o do profissional em IHC no mercado e na ind\u00fastria\u00a0 Cultura e IHC Ensino de IHC G\u00eanero e minorias Governo eletr\u00f4nico e cidadania Intera\u00e7\u00e3o de pessoas idosas Letramento digital e pensamento computacional Valores humanos \u00a0 Design [&hellip;]<\/p>\n","protected":false},"author":2,"featured_media":0,"parent":0,"menu_order":0,"comment_status":"closed","ping_status":"closed","template":"","meta":{"footnotes":""},"class_list":["post-261","page","type-page","status-publish","hentry"],"_links":{"self":[{"href":"https:\/\/ihc.sbc.org.br\/2026\/index.php\/wp-json\/wp\/v2\/pages\/261","targetHints":{"allow":["GET"]}}],"collection":[{"href":"https:\/\/ihc.sbc.org.br\/2026\/index.php\/wp-json\/wp\/v2\/pages"}],"about":[{"href":"https:\/\/ihc.sbc.org.br\/2026\/index.php\/wp-json\/wp\/v2\/types\/page"}],"author":[{"embeddable":true,"href":"https:\/\/ihc.sbc.org.br\/2026\/index.php\/wp-json\/wp\/v2\/users\/2"}],"replies":[{"embeddable":true,"href":"https:\/\/ihc.sbc.org.br\/2026\/index.php\/wp-json\/wp\/v2\/comments?post=261"}],"version-history":[{"count":10,"href":"https:\/\/ihc.sbc.org.br\/2026\/index.php\/wp-json\/wp\/v2\/pages\/261\/revisions"}],"predecessor-version":[{"id":423,"href":"https:\/\/ihc.sbc.org.br\/2026\/index.php\/wp-json\/wp\/v2\/pages\/261\/revisions\/423"}],"wp:attachment":[{"href":"https:\/\/ihc.sbc.org.br\/2026\/index.php\/wp-json\/wp\/v2\/media?parent=261"}],"curies":[{"name":"wp","href":"https:\/\/api.w.org\/{rel}","templated":true}]}}