{"id":312,"date":"2025-01-25T12:02:48","date_gmt":"2025-01-25T15:02:48","guid":{"rendered":"https:\/\/ihc.sbc.org.br\/2025\/?page_id=312"},"modified":"2025-09-01T16:59:11","modified_gmt":"2025-09-01T19:59:11","slug":"committes","status":"publish","type":"page","link":"https:\/\/ihc.sbc.org.br\/2025\/index.php\/en\/committes\/","title":{"rendered":"Committes"},"content":{"rendered":"\t\t<div data-elementor-type=\"wp-page\" data-elementor-id=\"312\" class=\"elementor elementor-312\">\n\t\t\t\t<div class=\"elementor-element elementor-element-85ff731 e-flex e-con-boxed wpr-particle-no wpr-jarallax-no wpr-parallax-no wpr-sticky-section-no wpr-equal-height-no e-con e-parent\" data-id=\"85ff731\" data-element_type=\"container\" data-e-type=\"container\" data-settings=\"{&quot;background_background&quot;:&quot;classic&quot;}\">\n\t\t\t\t\t<div class=\"e-con-inner\">\n\t\t\t\t<div class=\"elementor-element elementor-element-c9514e5 elementor-widget elementor-widget-page-title\" data-id=\"c9514e5\" data-element_type=\"widget\" data-e-type=\"widget\" data-widget_type=\"page-title.default\">\n\t\t\t\t<div class=\"elementor-widget-container\">\n\t\t\t\t\t\t\t\n\t\t<div class=\"hfe-page-title hfe-page-title-wrapper elementor-widget-heading\">\n\n\t\t\t\t\t\t\t\t\t\t\t<a href=\"https:\/\/ihc.sbc.org.br\/2025\">\n\t\t\t\t\t\t<h2 class=\"elementor-heading-title elementor-size-default\">\n\t\t\t\t\t\t\t\t\n\t\t\t\tCommittes  \n\t\t\t<\/h2 > \n\t\t\t\t\t\t\t\t\t<\/a>\n\t\t\t\t\t<\/div>\n\t\t\t\t\t\t<\/div>\n\t\t\t\t<\/div>\n\t\t\t\t\t<\/div>\n\t\t\t\t<\/div>\n\t\t<div class=\"elementor-element elementor-element-f851b5b e-flex e-con-boxed wpr-particle-no wpr-jarallax-no wpr-parallax-no wpr-sticky-section-no wpr-equal-height-no e-con e-parent\" data-id=\"f851b5b\" data-element_type=\"container\" data-e-type=\"container\">\n\t\t\t\t\t<div class=\"e-con-inner\">\n\t\t\t\t<div class=\"elementor-element elementor-element-b8bd29a elementor-widget elementor-widget-spacer\" data-id=\"b8bd29a\" data-element_type=\"widget\" data-e-type=\"widget\" data-widget_type=\"spacer.default\">\n\t\t\t\t<div class=\"elementor-widget-container\">\n\t\t\t\t\t\t\t<div class=\"elementor-spacer\">\n\t\t\t<div class=\"elementor-spacer-inner\"><\/div>\n\t\t<\/div>\n\t\t\t\t\t\t<\/div>\n\t\t\t\t<\/div>\n\t\t\t\t\t<\/div>\n\t\t\t\t<\/div>\n\t\t<div class=\"elementor-element elementor-element-f2e3123 e-flex e-con-boxed wpr-particle-no wpr-jarallax-no wpr-parallax-no wpr-sticky-section-no wpr-equal-height-no e-con e-parent\" data-id=\"f2e3123\" data-element_type=\"container\" data-e-type=\"container\">\n\t\t\t\t\t<div class=\"e-con-inner\">\n\t\t<div class=\"elementor-element elementor-element-5c90097 e-con-full e-flex wpr-particle-no wpr-jarallax-no wpr-parallax-no wpr-sticky-section-no wpr-equal-height-no e-con e-child\" data-id=\"5c90097\" data-element_type=\"container\" data-e-type=\"container\">\n\t\t\t\t<div class=\"elementor-element elementor-element-cd1df34 elementor-widget elementor-widget-heading\" data-id=\"cd1df34\" data-element_type=\"widget\" data-e-type=\"widget\" data-widget_type=\"heading.default\">\n\t\t\t\t<div class=\"elementor-widget-container\">\n\t\t\t\t\t<h3 class=\"elementor-heading-title elementor-size-default\">General Chairs<\/h3>\t\t\t\t<\/div>\n\t\t\t\t<\/div>\n\t\t\t\t<div class=\"elementor-element elementor-element-366d67c elementor-widget elementor-widget-text-editor\" data-id=\"366d67c\" data-element_type=\"widget\" data-e-type=\"widget\" data-widget_type=\"text-editor.default\">\n\t\t\t\t<div class=\"elementor-widget-container\">\n\t\t\t\t\t\t\t\t\t<div class=\"toUqff DbpAnb mARxl AL18ce HRaT6d\" data-hovercard-id=\"rprates@dcc.ufmg.br\" data-hovercard-keyboard-triggering=\"enabled\" data-hovercard-owner-id=\"24\"><div class=\"OtJRb bgOWSb\"><div class=\"UfeRlc\"><div><strong>Andr\u00e9 Pimenta Freire<\/strong> (UFLA) &#8211; <a href=\"mailto:apfreire@dcc.ufla.br\">apfreire@dcc.ufla.br<\/a><\/div><div class=\"LUPZee\"><span class=\"QReV7\"><strong>Raquel Oliveira Prates<\/strong> (UFMG) &#8211; <a href=\"mailto:rprates@dcc.ufmg.br\">rprates@dcc.ufmg.br<\/a><\/span><\/div><\/div><\/div><\/div>\t\t\t\t\t\t\t\t<\/div>\n\t\t\t\t<\/div>\n\t\t\t\t<\/div>\n\t\t<div class=\"elementor-element elementor-element-1749ef2 e-con-full e-flex wpr-particle-no wpr-jarallax-no wpr-parallax-no wpr-sticky-section-no wpr-equal-height-no e-con e-child\" data-id=\"1749ef2\" data-element_type=\"container\" data-e-type=\"container\">\n\t\t\t\t<div class=\"elementor-element elementor-element-b2c22f0 elementor-widget elementor-widget-heading\" data-id=\"b2c22f0\" data-element_type=\"widget\" data-e-type=\"widget\" data-widget_type=\"heading.default\">\n\t\t\t\t<div class=\"elementor-widget-container\">\n\t\t\t\t\t<h3 class=\"elementor-heading-title elementor-size-default\">Program Chairs<\/h3>\t\t\t\t<\/div>\n\t\t\t\t<\/div>\n\t\t\t\t<div class=\"elementor-element elementor-element-b735118 elementor-widget elementor-widget-text-editor\" data-id=\"b735118\" data-element_type=\"widget\" data-e-type=\"widget\" data-widget_type=\"text-editor.default\">\n\t\t\t\t<div class=\"elementor-widget-container\">\n\t\t\t\t\t\t\t\t\t<div class=\"toUqff DbpAnb mARxl AL18ce HRaT6d\" data-hovercard-id=\"rprates@dcc.ufmg.br\" data-hovercard-keyboard-triggering=\"enabled\" data-hovercard-owner-id=\"24\"><p><strong>S\u00edlvia Am\u00e9lia Bim<\/strong> (UTFPR) &#8211; <a href=\"mailto:sabim@professores.utfpr.edu.br\">sabim@professores.utfpr.edu.br<\/a><\/p><div class=\"OtJRb bgOWSb\"><div class=\"UfeRlc\"><div class=\"LUPZee\"><span class=\"QReV7\"><strong>V\u00e2nia Neris<\/strong> (UFSCar) &#8211; <a href=\"mailto:vania.neris@ufscar.br\">vania.neris@ufscar.br<\/a><\/span><\/div><div><strong>Paula Souza<\/strong> (UFSCar) &#8211; Program Chair Assistant<\/div><\/div><\/div><\/div>\t\t\t\t\t\t\t\t<\/div>\n\t\t\t\t<\/div>\n\t\t\t\t<\/div>\n\t\t\t\t\t<\/div>\n\t\t\t\t<\/div>\n\t\t<div class=\"elementor-element elementor-element-7e15330 e-flex e-con-boxed wpr-particle-no wpr-jarallax-no wpr-parallax-no wpr-sticky-section-no wpr-equal-height-no e-con e-parent\" data-id=\"7e15330\" data-element_type=\"container\" data-e-type=\"container\">\n\t\t\t\t\t<div class=\"e-con-inner\">\n\t\t<div class=\"elementor-element elementor-element-8cd056a e-con-full e-flex wpr-particle-no wpr-jarallax-no wpr-parallax-no wpr-sticky-section-no wpr-equal-height-no e-con e-child\" data-id=\"8cd056a\" data-element_type=\"container\" data-e-type=\"container\">\n\t\t\t\t<div class=\"elementor-element elementor-element-8e98717 elementor-widget elementor-widget-heading\" data-id=\"8e98717\" data-element_type=\"widget\" data-e-type=\"widget\" data-widget_type=\"heading.default\">\n\t\t\t\t<div class=\"elementor-widget-container\">\n\t\t\t\t\t<h3 class=\"elementor-heading-title elementor-size-default\">Track Chairs<\/h3>\t\t\t\t<\/div>\n\t\t\t\t<\/div>\n\t\t\t\t<\/div>\n\t\t<div class=\"elementor-element elementor-element-719438e e-con-full elementor-hidden-tablet elementor-hidden-mobile e-flex wpr-particle-no wpr-jarallax-no wpr-parallax-no wpr-sticky-section-no wpr-equal-height-no e-con e-child\" data-id=\"719438e\" data-element_type=\"container\" data-e-type=\"container\">\n\t\t\t\t<div class=\"elementor-element elementor-element-9f8fa7d elementor-widget elementor-widget-spacer\" data-id=\"9f8fa7d\" data-element_type=\"widget\" data-e-type=\"widget\" data-widget_type=\"spacer.default\">\n\t\t\t\t<div class=\"elementor-widget-container\">\n\t\t\t\t\t\t\t<div class=\"elementor-spacer\">\n\t\t\t<div class=\"elementor-spacer-inner\"><\/div>\n\t\t<\/div>\n\t\t\t\t\t\t<\/div>\n\t\t\t\t<\/div>\n\t\t\t\t<\/div>\n\t\t\t\t\t<\/div>\n\t\t\t\t<\/div>\n\t\t<div class=\"elementor-element elementor-element-b6c5add e-flex e-con-boxed wpr-particle-no wpr-jarallax-no wpr-parallax-no wpr-sticky-section-no wpr-equal-height-no e-con e-parent\" data-id=\"b6c5add\" data-element_type=\"container\" data-e-type=\"container\">\n\t\t\t\t\t<div class=\"e-con-inner\">\n\t\t<div class=\"elementor-element elementor-element-60032c9 e-con-full e-flex wpr-particle-no wpr-jarallax-no wpr-parallax-no wpr-sticky-section-no wpr-equal-height-no e-con e-child\" data-id=\"60032c9\" data-element_type=\"container\" data-e-type=\"container\">\n\t\t\t\t<div class=\"elementor-element elementor-element-a7a3d5d elementor-widget elementor-widget-heading\" data-id=\"a7a3d5d\" data-element_type=\"widget\" data-e-type=\"widget\" data-widget_type=\"heading.default\">\n\t\t\t\t<div class=\"elementor-widget-container\">\n\t\t\t\t\t<h4 class=\"elementor-heading-title elementor-size-default\">Experience Reports<\/h4>\t\t\t\t<\/div>\n\t\t\t\t<\/div>\n\t\t\t\t<div class=\"elementor-element elementor-element-e911628 elementor-widget elementor-widget-text-editor\" data-id=\"e911628\" data-element_type=\"widget\" data-e-type=\"widget\" data-widget_type=\"text-editor.default\">\n\t\t\t\t<div class=\"elementor-widget-container\">\n\t\t\t\t\t\t\t\t\t<p><strong>Taciana Pontual<\/strong> (UFRPE)<br \/><strong>Tiago Silva<\/strong> (UNIFESP)<\/p>\t\t\t\t\t\t\t\t<\/div>\n\t\t\t\t<\/div>\n\t\t\t\t<div class=\"elementor-element elementor-element-630b196 elementor-widget elementor-widget-heading\" data-id=\"630b196\" data-element_type=\"widget\" data-e-type=\"widget\" data-widget_type=\"heading.default\">\n\t\t\t\t<div class=\"elementor-widget-container\">\n\t\t\t\t\t<h4 class=\"elementor-heading-title elementor-size-default\">Innovative Ideas and Emerging Results<\/h4>\t\t\t\t<\/div>\n\t\t\t\t<\/div>\n\t\t\t\t<div class=\"elementor-element elementor-element-204c3c7 elementor-widget elementor-widget-text-editor\" data-id=\"204c3c7\" data-element_type=\"widget\" data-e-type=\"widget\" data-widget_type=\"text-editor.default\">\n\t\t\t\t<div class=\"elementor-widget-container\">\n\t\t\t\t\t\t\t\t\t<p><strong>Emanuel Duarte<\/strong> (UNICAMP) <br \/><strong>Vin\u00edcius Pereira<\/strong> (UFMT)<\/p>\t\t\t\t\t\t\t\t<\/div>\n\t\t\t\t<\/div>\n\t\t\t\t<div class=\"elementor-element elementor-element-29a1ab8 elementor-widget elementor-widget-heading\" data-id=\"29a1ab8\" data-element_type=\"widget\" data-e-type=\"widget\" data-widget_type=\"heading.default\">\n\t\t\t\t<div class=\"elementor-widget-container\">\n\t\t\t\t\t<h4 class=\"elementor-heading-title elementor-size-default\">Research<\/h4>\t\t\t\t<\/div>\n\t\t\t\t<\/div>\n\t\t\t\t<div class=\"elementor-element elementor-element-e7a4c93 elementor-widget elementor-widget-text-editor\" data-id=\"e7a4c93\" data-element_type=\"widget\" data-e-type=\"widget\" data-widget_type=\"text-editor.default\">\n\t\t\t\t<div class=\"elementor-widget-container\">\n\t\t\t\t\t\t\t\t\t<p><strong>Marcelo Eller<\/strong> (USP Leste)<\/p><p><strong>Kamila Rodrigues<\/strong> (USP S\u00e3o Carlos)<\/p>\t\t\t\t\t\t\t\t<\/div>\n\t\t\t\t<\/div>\n\t\t\t\t<\/div>\n\t\t<div class=\"elementor-element elementor-element-1d201d9 e-con-full e-flex wpr-particle-no wpr-jarallax-no wpr-parallax-no wpr-sticky-section-no wpr-equal-height-no e-con e-child\" data-id=\"1d201d9\" data-element_type=\"container\" data-e-type=\"container\">\n\t\t\t\t<div class=\"elementor-element elementor-element-cb5cb74 elementor-widget elementor-widget-heading\" data-id=\"cb5cb74\" data-element_type=\"widget\" data-e-type=\"widget\" data-widget_type=\"heading.default\">\n\t\t\t\t<div class=\"elementor-widget-container\">\n\t\t\t\t\t<h4 class=\"elementor-heading-title elementor-size-default\">Junia Coutinho Anacleto Award<\/h4>\t\t\t\t<\/div>\n\t\t\t\t<\/div>\n\t\t\t\t<div class=\"elementor-element elementor-element-8229e80 elementor-widget elementor-widget-text-editor\" data-id=\"8229e80\" data-element_type=\"widget\" data-e-type=\"widget\" data-widget_type=\"text-editor.default\">\n\t\t\t\t<div class=\"elementor-widget-container\">\n\t\t\t\t\t\t\t\t\t<p><strong>Marcelle Mota<\/strong> (UFPA)<\/p><p><strong>Marcos Seruffo<\/strong> (UFPA)<br \/><strong>Ticianne Darin<\/strong> (UFC)<\/p>\t\t\t\t\t\t\t\t<\/div>\n\t\t\t\t<\/div>\n\t\t\t\t<div class=\"elementor-element elementor-element-67afa4c elementor-widget elementor-widget-heading\" data-id=\"67afa4c\" data-element_type=\"widget\" data-e-type=\"widget\" data-widget_type=\"heading.default\">\n\t\t\t\t<div class=\"elementor-widget-container\">\n\t\t\t\t\t<h4 class=\"elementor-heading-title elementor-size-default\">Posters and Demonstrations<\/h4>\t\t\t\t<\/div>\n\t\t\t\t<\/div>\n\t\t\t\t<div class=\"elementor-element elementor-element-89cec8f elementor-widget elementor-widget-text-editor\" data-id=\"89cec8f\" data-element_type=\"widget\" data-e-type=\"widget\" data-widget_type=\"text-editor.default\">\n\t\t\t\t<div class=\"elementor-widget-container\">\n\t\t\t\t\t\t\t\t\t<p><strong>Anna Beatriz Marques<\/strong> (UFC)<br \/><strong>Thiago Coleti<\/strong> (UENP)<\/p>\t\t\t\t\t\t\t\t<\/div>\n\t\t\t\t<\/div>\n\t\t\t\t<\/div>\n\t\t\t\t\t<\/div>\n\t\t\t\t<\/div>\n\t\t<div class=\"elementor-element elementor-element-e2a01c0 e-flex e-con-boxed wpr-particle-no wpr-jarallax-no wpr-parallax-no wpr-sticky-section-no wpr-equal-height-no e-con e-parent\" data-id=\"e2a01c0\" data-element_type=\"container\" data-e-type=\"container\">\n\t\t\t\t\t<div class=\"e-con-inner\">\n\t\t<div class=\"elementor-element elementor-element-43b694e e-con-full e-flex wpr-particle-no wpr-jarallax-no wpr-parallax-no wpr-sticky-section-no wpr-equal-height-no e-con e-child\" data-id=\"43b694e\" data-element_type=\"container\" data-e-type=\"container\">\n\t\t\t\t<div class=\"elementor-element elementor-element-3f15913 elementor-widget elementor-widget-heading\" data-id=\"3f15913\" data-element_type=\"widget\" data-e-type=\"widget\" data-widget_type=\"heading.default\">\n\t\t\t\t<div class=\"elementor-widget-container\">\n\t\t\t\t\t<h3 class=\"elementor-heading-title elementor-size-default\">Website and Social Media<\/h3>\t\t\t\t<\/div>\n\t\t\t\t<\/div>\n\t\t\t\t<div class=\"elementor-element elementor-element-8b0dc31 elementor-widget elementor-widget-text-editor\" data-id=\"8b0dc31\" data-element_type=\"widget\" data-e-type=\"widget\" data-widget_type=\"text-editor.default\">\n\t\t\t\t<div class=\"elementor-widget-container\">\n\t\t\t\t\t\t\t\t\t<p><strong>Rodrigo Oliveira<\/strong> (UFF) &#8211; <a href=\"mailto:rodrigoso@id.uff.br\">rodrigoso@id.uff.br<\/a><\/p>\t\t\t\t\t\t\t\t<\/div>\n\t\t\t\t<\/div>\n\t\t\t\t<\/div>\n\t\t<div class=\"elementor-element elementor-element-2faed4a e-con-full elementor-hidden-tablet elementor-hidden-mobile e-flex wpr-particle-no wpr-jarallax-no wpr-parallax-no wpr-sticky-section-no wpr-equal-height-no e-con e-child\" data-id=\"2faed4a\" data-element_type=\"container\" data-e-type=\"container\">\n\t\t\t\t<div class=\"elementor-element elementor-element-27717a1 elementor-widget elementor-widget-heading\" data-id=\"27717a1\" data-element_type=\"widget\" data-e-type=\"widget\" data-widget_type=\"heading.default\">\n\t\t\t\t<div class=\"elementor-widget-container\">\n\t\t\t\t\t<h3 class=\"elementor-heading-title elementor-size-default\">Accessibility<\/h3>\t\t\t\t<\/div>\n\t\t\t\t<\/div>\n\t\t\t\t<div class=\"elementor-element elementor-element-3258e3d elementor-widget elementor-widget-text-editor\" data-id=\"3258e3d\" data-element_type=\"widget\" data-e-type=\"widget\" data-widget_type=\"text-editor.default\">\n\t\t\t\t<div class=\"elementor-widget-container\">\n\t\t\t\t\t\t\t\t\t<p><strong>Carolina Sacramento<\/strong> (UERJ)<\/p><p><strong>Kamila Rodrigues<\/strong> (USP \/ SP)<\/p><p><strong>Rodrigo Oliveira<\/strong> (UFF) &#8211; <a href=\"mailto:rodrigoso@id.uff.br\">rodrigoso@id.uff.br<\/a><\/p><p><strong>Let\u00edcia Cardoso M. Mustaf\u00e1 Awawdeh<\/strong> (UFLA) Estudante Volunt\u00e1ria &#8211; <a href=\"mailto:leticia.awawdeh@estudante.ufla.br\">leticia.awawdeh@estudante.ufla.br<\/a><\/p>\t\t\t\t\t\t\t\t<\/div>\n\t\t\t\t<\/div>\n\t\t\t\t<\/div>\n\t\t\t\t\t<\/div>\n\t\t\t\t<\/div>\n\t\t<div class=\"elementor-element elementor-element-1ba8125 e-flex e-con-boxed wpr-particle-no wpr-jarallax-no wpr-parallax-no wpr-sticky-section-no wpr-equal-height-no e-con e-parent\" data-id=\"1ba8125\" data-element_type=\"container\" data-e-type=\"container\">\n\t\t\t\t\t<div class=\"e-con-inner\">\n\t\t<div class=\"elementor-element elementor-element-ae9a14a e-con-full e-flex wpr-particle-no wpr-jarallax-no wpr-parallax-no wpr-sticky-section-no wpr-equal-height-no e-con e-child\" data-id=\"ae9a14a\" data-element_type=\"container\" data-e-type=\"container\">\n\t\t\t\t<div class=\"elementor-element elementor-element-561fb5c elementor-widget elementor-widget-heading\" data-id=\"561fb5c\" data-element_type=\"widget\" data-e-type=\"widget\" data-widget_type=\"heading.default\">\n\t\t\t\t<div class=\"elementor-widget-container\">\n\t\t\t\t\t<h3 class=\"elementor-heading-title elementor-size-default\">Proceedings<\/h3>\t\t\t\t<\/div>\n\t\t\t\t<\/div>\n\t\t\t\t<div class=\"elementor-element elementor-element-49771d6 elementor-widget elementor-widget-text-editor\" data-id=\"49771d6\" data-element_type=\"widget\" data-e-type=\"widget\" data-widget_type=\"text-editor.default\">\n\t\t\t\t<div class=\"elementor-widget-container\">\n\t\t\t\t\t\t\t\t\t<p><strong>Claiton Correa<\/strong> (IF \u2013 Farroupilha) &#8211; <a href=\"mailto:claiton.correa@iffar.edu.br\">claiton.correa@iffar.edu.br<\/a><br \/><strong>Sandra Rodrigues<\/strong> (UFLA) &#8211; <a href=\"mailto:sandra.rodrigues@ufla.br\">sandra.rodrigues@ufla.br\u00a0<\/a><\/p><p><strong> Cristiane Lana<\/strong> (UFLA) &#8211; <a href=\"mailto:cristiane.lana@ufla.br\">cristiane.lana@ufla.br<\/a><\/p><p><strong>Let\u00edcia Cardoso M. Mustaf\u00e1 Awawdeh<\/strong> (UFLA) Estudante Volunt\u00e1ria &#8211; <a href=\"mailto:leticia.awawdeh@estudante.ufla.br\">leticia.awawdeh@estudante.ufla.br<\/a><\/p>\t\t\t\t\t\t\t\t<\/div>\n\t\t\t\t<\/div>\n\t\t\t\t<\/div>\n\t\t\t\t\t<\/div>\n\t\t\t\t<\/div>\n\t\t<div class=\"elementor-element elementor-element-b61c6e8 e-flex e-con-boxed wpr-particle-no wpr-jarallax-no wpr-parallax-no wpr-sticky-section-no wpr-equal-height-no e-con e-parent\" data-id=\"b61c6e8\" data-element_type=\"container\" data-e-type=\"container\">\n\t\t\t\t\t<div class=\"e-con-inner\">\n\t\t\t\t<div class=\"elementor-element elementor-element-c6a59c0 elementor-widget elementor-widget-spacer\" data-id=\"c6a59c0\" data-element_type=\"widget\" data-e-type=\"widget\" data-widget_type=\"spacer.default\">\n\t\t\t\t<div class=\"elementor-widget-container\">\n\t\t\t\t\t\t\t<div class=\"elementor-spacer\">\n\t\t\t<div class=\"elementor-spacer-inner\"><\/div>\n\t\t<\/div>\n\t\t\t\t\t\t<\/div>\n\t\t\t\t<\/div>\n\t\t\t\t\t<\/div>\n\t\t\t\t<\/div>\n\t\t\t\t<\/div>\n\t\t","protected":false},"excerpt":{"rendered":"<p>Committes General Chairs Andr\u00e9 Pimenta Freire (UFLA) &#8211; apfreire@dcc.ufla.brRaquel Oliveira Prates (UFMG) &#8211; rprates@dcc.ufmg.br Program Chairs S\u00edlvia Am\u00e9lia Bim (UTFPR) &#8211; sabim@professores.utfpr.edu.br V\u00e2nia Neris (UFSCar) &#8211; vania.neris@ufscar.brPaula Souza (UFSCar) &#8211; Program Chair Assistant Track Chairs Experience Reports Taciana Pontual (UFRPE)Tiago Silva (UNIFESP) Innovative Ideas and Emerging Results Emanuel Duarte (UNICAMP) Vin\u00edcius Pereira (UFMT) Research Marcelo Eller (USP Leste) Kamila Rodrigues (USP S\u00e3o Carlos) Junia Coutinho Anacleto Award Marcelle Mota (UFPA) Marcos Seruffo (UFPA)Ticianne Darin (UFC) Posters and Demonstrations Anna Beatriz Marques (UFC)Thiago Coleti (UENP) Website and Social Media Rodrigo Oliveira (UFF) &#8211; rodrigoso@id.uff.br Accessibility Carolina Sacramento (UERJ) Kamila Rodrigues (USP \/ SP) Rodrigo Oliveira (UFF) &#8211; rodrigoso@id.uff.br Let\u00edcia Cardoso M. Mustaf\u00e1 Awawdeh (UFLA) Estudante Volunt\u00e1ria &#8211; leticia.awawdeh@estudante.ufla.br Proceedings Claiton Correa (IF \u2013 Farroupilha) &#8211; claiton.correa@iffar.edu.brSandra Rodrigues (UFLA) &#8211; sandra.rodrigues@ufla.br\u00a0 Cristiane Lana (UFLA) &#8211; cristiane.lana@ufla.br Let\u00edcia Cardoso M. Mustaf\u00e1 Awawdeh (UFLA) Estudante Volunt\u00e1ria &#8211; leticia.awawdeh@estudante.ufla.br<\/p>\n","protected":false},"author":4,"featured_media":0,"parent":0,"menu_order":0,"comment_status":"closed","ping_status":"closed","template":"elementor_canvas","meta":{"footnotes":""},"class_list":["post-312","page","type-page","status-publish","hentry"],"_links":{"self":[{"href":"https:\/\/ihc.sbc.org.br\/2025\/index.php\/wp-json\/wp\/v2\/pages\/312","targetHints":{"allow":["GET"]}}],"collection":[{"href":"https:\/\/ihc.sbc.org.br\/2025\/index.php\/wp-json\/wp\/v2\/pages"}],"about":[{"href":"https:\/\/ihc.sbc.org.br\/2025\/index.php\/wp-json\/wp\/v2\/types\/page"}],"author":[{"embeddable":true,"href":"https:\/\/ihc.sbc.org.br\/2025\/index.php\/wp-json\/wp\/v2\/users\/4"}],"replies":[{"embeddable":true,"href":"https:\/\/ihc.sbc.org.br\/2025\/index.php\/wp-json\/wp\/v2\/comments?post=312"}],"version-history":[{"count":40,"href":"https:\/\/ihc.sbc.org.br\/2025\/index.php\/wp-json\/wp\/v2\/pages\/312\/revisions"}],"predecessor-version":[{"id":1685,"href":"https:\/\/ihc.sbc.org.br\/2025\/index.php\/wp-json\/wp\/v2\/pages\/312\/revisions\/1685"}],"wp:attachment":[{"href":"https:\/\/ihc.sbc.org.br\/2025\/index.php\/wp-json\/wp\/v2\/media?parent=312"}],"curies":[{"name":"wp","href":"https:\/\/api.w.org\/{rel}","templated":true}]}}