{"id":286,"date":"2025-01-25T11:35:16","date_gmt":"2025-01-25T14:35:16","guid":{"rendered":"https:\/\/ihc.sbc.org.br\/2025\/?page_id=286"},"modified":"2025-09-01T16:58:17","modified_gmt":"2025-09-01T19:58:17","slug":"comites","status":"publish","type":"page","link":"https:\/\/ihc.sbc.org.br\/2025\/index.php\/comites\/","title":{"rendered":"Comit\u00eas"},"content":{"rendered":"\t\t<div data-elementor-type=\"wp-page\" data-elementor-id=\"286\" class=\"elementor elementor-286\">\n\t\t\t\t<div class=\"elementor-element elementor-element-85ff731 e-flex e-con-boxed wpr-particle-no wpr-jarallax-no wpr-parallax-no wpr-sticky-section-no wpr-equal-height-no e-con e-parent\" data-id=\"85ff731\" data-element_type=\"container\" data-e-type=\"container\" data-settings=\"{&quot;background_background&quot;:&quot;classic&quot;}\">\n\t\t\t\t\t<div class=\"e-con-inner\">\n\t\t\t\t<div class=\"elementor-element elementor-element-c9514e5 elementor-widget elementor-widget-page-title\" data-id=\"c9514e5\" data-element_type=\"widget\" data-e-type=\"widget\" data-widget_type=\"page-title.default\">\n\t\t\t\t<div class=\"elementor-widget-container\">\n\t\t\t\t\t\t\t\n\t\t<div class=\"hfe-page-title hfe-page-title-wrapper elementor-widget-heading\">\n\n\t\t\t\t\t\t\t\t\t\t\t<a href=\"https:\/\/ihc.sbc.org.br\/2025\">\n\t\t\t\t\t\t<h2 class=\"elementor-heading-title elementor-size-default\">\n\t\t\t\t\t\t\t\t\n\t\t\t\tComit\u00eas  \n\t\t\t<\/h2 > \n\t\t\t\t\t\t\t\t\t<\/a>\n\t\t\t\t\t<\/div>\n\t\t\t\t\t\t<\/div>\n\t\t\t\t<\/div>\n\t\t\t\t\t<\/div>\n\t\t\t\t<\/div>\n\t\t<div class=\"elementor-element elementor-element-f851b5b e-flex e-con-boxed wpr-particle-no wpr-jarallax-no wpr-parallax-no wpr-sticky-section-no wpr-equal-height-no e-con e-parent\" data-id=\"f851b5b\" data-element_type=\"container\" data-e-type=\"container\">\n\t\t\t\t\t<div class=\"e-con-inner\">\n\t\t\t\t<div class=\"elementor-element elementor-element-b8bd29a elementor-widget elementor-widget-spacer\" data-id=\"b8bd29a\" data-element_type=\"widget\" data-e-type=\"widget\" data-widget_type=\"spacer.default\">\n\t\t\t\t<div class=\"elementor-widget-container\">\n\t\t\t\t\t\t\t<div class=\"elementor-spacer\">\n\t\t\t<div class=\"elementor-spacer-inner\"><\/div>\n\t\t<\/div>\n\t\t\t\t\t\t<\/div>\n\t\t\t\t<\/div>\n\t\t\t\t\t<\/div>\n\t\t\t\t<\/div>\n\t\t<div class=\"elementor-element elementor-element-f2e3123 e-flex e-con-boxed wpr-particle-no wpr-jarallax-no wpr-parallax-no wpr-sticky-section-no wpr-equal-height-no e-con e-parent\" data-id=\"f2e3123\" data-element_type=\"container\" data-e-type=\"container\">\n\t\t\t\t\t<div class=\"e-con-inner\">\n\t\t<div class=\"elementor-element elementor-element-5c90097 e-con-full e-flex wpr-particle-no wpr-jarallax-no wpr-parallax-no wpr-sticky-section-no wpr-equal-height-no e-con e-child\" data-id=\"5c90097\" data-element_type=\"container\" data-e-type=\"container\">\n\t\t\t\t<div class=\"elementor-element elementor-element-cd1df34 elementor-widget elementor-widget-heading\" data-id=\"cd1df34\" data-element_type=\"widget\" data-e-type=\"widget\" data-widget_type=\"heading.default\">\n\t\t\t\t<div class=\"elementor-widget-container\">\n\t\t\t\t\t<h3 class=\"elementor-heading-title elementor-size-default\">Coordena\u00e7\u00e3o Geral<\/h3>\t\t\t\t<\/div>\n\t\t\t\t<\/div>\n\t\t\t\t<div class=\"elementor-element elementor-element-366d67c elementor-widget elementor-widget-text-editor\" data-id=\"366d67c\" data-element_type=\"widget\" data-e-type=\"widget\" data-widget_type=\"text-editor.default\">\n\t\t\t\t<div class=\"elementor-widget-container\">\n\t\t\t\t\t\t\t\t\t<div class=\"toUqff DbpAnb mARxl AL18ce HRaT6d\" data-hovercard-id=\"rprates@dcc.ufmg.br\" data-hovercard-keyboard-triggering=\"enabled\" data-hovercard-owner-id=\"24\"><div class=\"OtJRb bgOWSb\"><div class=\"UfeRlc\"><div><strong>Andr\u00e9 Pimenta Freire<\/strong> (UFLA) &#8211; <a href=\"mailto:apfreire@dcc.ufla.br\">apfreire@dcc.ufla.br<\/a><\/div><div class=\"LUPZee\"><span class=\"QReV7\"><strong>Raquel Oliveira Prates<\/strong> (UFMG) &#8211; <a href=\"mailto:rprates@dcc.ufmg.br\">rprates@dcc.ufmg.br<\/a><\/span><\/div><\/div><\/div><\/div>\t\t\t\t\t\t\t\t<\/div>\n\t\t\t\t<\/div>\n\t\t\t\t<\/div>\n\t\t<div class=\"elementor-element elementor-element-1749ef2 e-con-full e-flex wpr-particle-no wpr-jarallax-no wpr-parallax-no wpr-sticky-section-no wpr-equal-height-no e-con e-child\" data-id=\"1749ef2\" data-element_type=\"container\" data-e-type=\"container\">\n\t\t\t\t<div class=\"elementor-element elementor-element-b2c22f0 elementor-widget elementor-widget-heading\" data-id=\"b2c22f0\" data-element_type=\"widget\" data-e-type=\"widget\" data-widget_type=\"heading.default\">\n\t\t\t\t<div class=\"elementor-widget-container\">\n\t\t\t\t\t<h3 class=\"elementor-heading-title elementor-size-default\">Coordena\u00e7\u00e3o de Programa<\/h3>\t\t\t\t<\/div>\n\t\t\t\t<\/div>\n\t\t\t\t<div class=\"elementor-element elementor-element-b735118 elementor-widget elementor-widget-text-editor\" data-id=\"b735118\" data-element_type=\"widget\" data-e-type=\"widget\" data-widget_type=\"text-editor.default\">\n\t\t\t\t<div class=\"elementor-widget-container\">\n\t\t\t\t\t\t\t\t\t<div class=\"toUqff DbpAnb mARxl AL18ce HRaT6d\" data-hovercard-id=\"rprates@dcc.ufmg.br\" data-hovercard-keyboard-triggering=\"enabled\" data-hovercard-owner-id=\"24\"><div class=\"OtJRb bgOWSb\"><div class=\"UfeRlc\"><div><strong>S\u00edlvia Am\u00e9lia Bim<\/strong> (UTFPR) &#8211; <a href=\"mailto:sabim@utfpr.edu.br\">sabim@utfpr.edu.br<\/a><\/div><div class=\"LUPZee\"><span class=\"QReV7\"><strong>V\u00e2nia Neris<\/strong> (UFSCar) &#8211; <a href=\"mailto:vania.neris@ufscar.br\">vania.neris@ufscar.br<\/a><\/span><\/div><div><strong>Paula Souza<\/strong> (UFSCar) &#8211; Assistente da Coordena\u00e7\u00e3o de Programa<\/div><\/div><\/div><\/div>\t\t\t\t\t\t\t\t<\/div>\n\t\t\t\t<\/div>\n\t\t\t\t<\/div>\n\t\t\t\t\t<\/div>\n\t\t\t\t<\/div>\n\t\t<div class=\"elementor-element elementor-element-7e15330 e-flex e-con-boxed wpr-particle-no wpr-jarallax-no wpr-parallax-no wpr-sticky-section-no wpr-equal-height-no e-con e-parent\" data-id=\"7e15330\" data-element_type=\"container\" data-e-type=\"container\">\n\t\t\t\t\t<div class=\"e-con-inner\">\n\t\t<div class=\"elementor-element elementor-element-8cd056a e-con-full e-flex wpr-particle-no wpr-jarallax-no wpr-parallax-no wpr-sticky-section-no wpr-equal-height-no e-con e-child\" data-id=\"8cd056a\" data-element_type=\"container\" data-e-type=\"container\">\n\t\t\t\t<div class=\"elementor-element elementor-element-8e98717 elementor-widget elementor-widget-heading\" data-id=\"8e98717\" data-element_type=\"widget\" data-e-type=\"widget\" data-widget_type=\"heading.default\">\n\t\t\t\t<div class=\"elementor-widget-container\">\n\t\t\t\t\t<h3 class=\"elementor-heading-title elementor-size-default\">Coordena\u00e7\u00e3o de Chamadas<\/h3>\t\t\t\t<\/div>\n\t\t\t\t<\/div>\n\t\t\t\t<\/div>\n\t\t<div class=\"elementor-element elementor-element-719438e e-con-full elementor-hidden-tablet elementor-hidden-mobile e-flex wpr-particle-no wpr-jarallax-no wpr-parallax-no wpr-sticky-section-no wpr-equal-height-no e-con e-child\" data-id=\"719438e\" data-element_type=\"container\" data-e-type=\"container\">\n\t\t\t\t<div class=\"elementor-element elementor-element-9f8fa7d elementor-widget elementor-widget-spacer\" data-id=\"9f8fa7d\" data-element_type=\"widget\" data-e-type=\"widget\" data-widget_type=\"spacer.default\">\n\t\t\t\t<div class=\"elementor-widget-container\">\n\t\t\t\t\t\t\t<div class=\"elementor-spacer\">\n\t\t\t<div class=\"elementor-spacer-inner\"><\/div>\n\t\t<\/div>\n\t\t\t\t\t\t<\/div>\n\t\t\t\t<\/div>\n\t\t\t\t<\/div>\n\t\t\t\t\t<\/div>\n\t\t\t\t<\/div>\n\t\t<div class=\"elementor-element elementor-element-b6c5add e-flex e-con-boxed wpr-particle-no wpr-jarallax-no wpr-parallax-no wpr-sticky-section-no wpr-equal-height-no e-con e-parent\" data-id=\"b6c5add\" data-element_type=\"container\" data-e-type=\"container\">\n\t\t\t\t\t<div class=\"e-con-inner\">\n\t\t<div class=\"elementor-element elementor-element-60032c9 e-con-full e-flex wpr-particle-no wpr-jarallax-no wpr-parallax-no wpr-sticky-section-no wpr-equal-height-no e-con e-child\" data-id=\"60032c9\" data-element_type=\"container\" data-e-type=\"container\">\n\t\t\t\t<div class=\"elementor-element elementor-element-630b196 elementor-widget elementor-widget-heading\" data-id=\"630b196\" data-element_type=\"widget\" data-e-type=\"widget\" data-widget_type=\"heading.default\">\n\t\t\t\t<div class=\"elementor-widget-container\">\n\t\t\t\t\t<h4 class=\"elementor-heading-title elementor-size-default\">Ideias Inovadoras e Resultados Emergentes<\/h4>\t\t\t\t<\/div>\n\t\t\t\t<\/div>\n\t\t\t\t<div class=\"elementor-element elementor-element-204c3c7 elementor-widget elementor-widget-text-editor\" data-id=\"204c3c7\" data-element_type=\"widget\" data-e-type=\"widget\" data-widget_type=\"text-editor.default\">\n\t\t\t\t<div class=\"elementor-widget-container\">\n\t\t\t\t\t\t\t\t\t<p><strong>Emanuel Duarte<\/strong> (UNICAMP) <br \/><strong>Vin\u00edcius Pereira<\/strong> (UFMT)<\/p>\t\t\t\t\t\t\t\t<\/div>\n\t\t\t\t<\/div>\n\t\t\t\t<div class=\"elementor-element elementor-element-29a1ab8 elementor-widget elementor-widget-heading\" data-id=\"29a1ab8\" data-element_type=\"widget\" data-e-type=\"widget\" data-widget_type=\"heading.default\">\n\t\t\t\t<div class=\"elementor-widget-container\">\n\t\t\t\t\t<h4 class=\"elementor-heading-title elementor-size-default\">Pesquisa<\/h4>\t\t\t\t<\/div>\n\t\t\t\t<\/div>\n\t\t\t\t<div class=\"elementor-element elementor-element-e7a4c93 elementor-widget elementor-widget-text-editor\" data-id=\"e7a4c93\" data-element_type=\"widget\" data-e-type=\"widget\" data-widget_type=\"text-editor.default\">\n\t\t\t\t<div class=\"elementor-widget-container\">\n\t\t\t\t\t\t\t\t\t<p><strong>Marcelo Eller<\/strong> (USP Leste) <br \/><strong>Kamila Rodrigues<\/strong> (USP S\u00e3o Carlos)<\/p>\t\t\t\t\t\t\t\t<\/div>\n\t\t\t\t<\/div>\n\t\t\t\t<div class=\"elementor-element elementor-element-a7a3d5d elementor-widget elementor-widget-heading\" data-id=\"a7a3d5d\" data-element_type=\"widget\" data-e-type=\"widget\" data-widget_type=\"heading.default\">\n\t\t\t\t<div class=\"elementor-widget-container\">\n\t\t\t\t\t<h4 class=\"elementor-heading-title elementor-size-default\">Relatos de Experi\u00eancia<\/h4>\t\t\t\t<\/div>\n\t\t\t\t<\/div>\n\t\t\t\t<div class=\"elementor-element elementor-element-e911628 elementor-widget elementor-widget-text-editor\" data-id=\"e911628\" data-element_type=\"widget\" data-e-type=\"widget\" data-widget_type=\"text-editor.default\">\n\t\t\t\t<div class=\"elementor-widget-container\">\n\t\t\t\t\t\t\t\t\t<p><strong>Taciana Pontual<\/strong> (UFRPE)<br \/><strong>Tiago Silva<\/strong> (UNIFESP)<\/p>\t\t\t\t\t\t\t\t<\/div>\n\t\t\t\t<\/div>\n\t\t\t\t<\/div>\n\t\t<div class=\"elementor-element elementor-element-1d201d9 e-con-full e-flex wpr-particle-no wpr-jarallax-no wpr-parallax-no wpr-sticky-section-no wpr-equal-height-no e-con e-child\" data-id=\"1d201d9\" data-element_type=\"container\" data-e-type=\"container\">\n\t\t\t\t<div class=\"elementor-element elementor-element-67afa4c elementor-widget elementor-widget-heading\" data-id=\"67afa4c\" data-element_type=\"widget\" data-e-type=\"widget\" data-widget_type=\"heading.default\">\n\t\t\t\t<div class=\"elementor-widget-container\">\n\t\t\t\t\t<h4 class=\"elementor-heading-title elementor-size-default\">P\u00f4steres e Demonstra\u00e7\u00f5es<\/h4>\t\t\t\t<\/div>\n\t\t\t\t<\/div>\n\t\t\t\t<div class=\"elementor-element elementor-element-89cec8f elementor-widget elementor-widget-text-editor\" data-id=\"89cec8f\" data-element_type=\"widget\" data-e-type=\"widget\" data-widget_type=\"text-editor.default\">\n\t\t\t\t<div class=\"elementor-widget-container\">\n\t\t\t\t\t\t\t\t\t<p><strong>Anna Beatriz Marques<\/strong> (UFC)<br \/><strong>Thiago Coleti<\/strong> (UENP)<\/p>\t\t\t\t\t\t\t\t<\/div>\n\t\t\t\t<\/div>\n\t\t\t\t<div class=\"elementor-element elementor-element-cb5cb74 elementor-widget elementor-widget-heading\" data-id=\"cb5cb74\" data-element_type=\"widget\" data-e-type=\"widget\" data-widget_type=\"heading.default\">\n\t\t\t\t<div class=\"elementor-widget-container\">\n\t\t\t\t\t<h4 class=\"elementor-heading-title elementor-size-default\">Pr\u00eamio Junia Coutinho Anacleto<\/h4>\t\t\t\t<\/div>\n\t\t\t\t<\/div>\n\t\t\t\t<div class=\"elementor-element elementor-element-8229e80 elementor-widget elementor-widget-text-editor\" data-id=\"8229e80\" data-element_type=\"widget\" data-e-type=\"widget\" data-widget_type=\"text-editor.default\">\n\t\t\t\t<div class=\"elementor-widget-container\">\n\t\t\t\t\t\t\t\t\t<p><strong>Marcelle Mota<\/strong> (UFPA)<\/p><p><strong>Marcos Seruffo<\/strong> (UFPA)<\/p><p><strong>Ticianne Darin<\/strong> (UFC)<\/p>\t\t\t\t\t\t\t\t<\/div>\n\t\t\t\t<\/div>\n\t\t\t\t<\/div>\n\t\t\t\t\t<\/div>\n\t\t\t\t<\/div>\n\t\t<div class=\"elementor-element elementor-element-055dc35 e-flex e-con-boxed wpr-particle-no wpr-jarallax-no wpr-parallax-no wpr-sticky-section-no wpr-equal-height-no e-con e-parent\" data-id=\"055dc35\" data-element_type=\"container\" data-e-type=\"container\">\n\t\t\t\t\t<div class=\"e-con-inner\">\n\t\t<div class=\"elementor-element elementor-element-ced7ba5 e-con-full e-flex wpr-particle-no wpr-jarallax-no wpr-parallax-no wpr-sticky-section-no wpr-equal-height-no e-con e-child\" data-id=\"ced7ba5\" data-element_type=\"container\" data-e-type=\"container\">\n\t\t\t\t<div class=\"elementor-element elementor-element-498eed0 elementor-widget elementor-widget-heading\" data-id=\"498eed0\" data-element_type=\"widget\" data-e-type=\"widget\" data-widget_type=\"heading.default\">\n\t\t\t\t<div class=\"elementor-widget-container\">\n\t\t\t\t\t<h3 class=\"elementor-heading-title elementor-size-default\">Website e Redes Sociais\n<\/h3>\t\t\t\t<\/div>\n\t\t\t\t<\/div>\n\t\t\t\t<div class=\"elementor-element elementor-element-7004bed elementor-widget elementor-widget-text-editor\" data-id=\"7004bed\" data-element_type=\"widget\" data-e-type=\"widget\" data-widget_type=\"text-editor.default\">\n\t\t\t\t<div class=\"elementor-widget-container\">\n\t\t\t\t\t\t\t\t\t<p><strong>Rodrigo Oliveira<\/strong> (UFF) &#8211; <a href=\"mailto:rodrigoso@id.uff.br\">rodrigoso@id.uff.br<\/a><\/p>\t\t\t\t\t\t\t\t<\/div>\n\t\t\t\t<\/div>\n\t\t\t\t<\/div>\n\t\t<div class=\"elementor-element elementor-element-15c7352 e-con-full elementor-hidden-tablet elementor-hidden-mobile e-flex wpr-particle-no wpr-jarallax-no wpr-parallax-no wpr-sticky-section-no wpr-equal-height-no e-con e-child\" data-id=\"15c7352\" data-element_type=\"container\" data-e-type=\"container\">\n\t\t\t\t<div class=\"elementor-element elementor-element-d6c06c5 elementor-widget elementor-widget-heading\" data-id=\"d6c06c5\" data-element_type=\"widget\" data-e-type=\"widget\" data-widget_type=\"heading.default\">\n\t\t\t\t<div class=\"elementor-widget-container\">\n\t\t\t\t\t<h3 class=\"elementor-heading-title elementor-size-default\">Acessibilidade<\/h3>\t\t\t\t<\/div>\n\t\t\t\t<\/div>\n\t\t\t\t<div class=\"elementor-element elementor-element-a6b358c elementor-widget elementor-widget-text-editor\" data-id=\"a6b358c\" data-element_type=\"widget\" data-e-type=\"widget\" data-widget_type=\"text-editor.default\">\n\t\t\t\t<div class=\"elementor-widget-container\">\n\t\t\t\t\t\t\t\t\t<p><strong>Carolina Sacramento<\/strong>\u00a0(UERJ)<\/p><p><strong>Kamila Rodrigues<\/strong>\u00a0(USP \/ SP)<\/p><p><strong>Rodrigo Oliveira<\/strong> (UFF) &#8211; <a href=\"mailto:rodrigoso@id.uff.br\">rodrigoso@id.uff.br<\/a><\/p><p><strong>Let\u00edcia Cardoso M. Mustaf\u00e1 Awawdeh<\/strong> (UFLA) Estudante Volunt\u00e1ria &#8211; <a href=\"mailto:leticia.awawdeh@estudante.ufla.br\">leticia.awawdeh@estudante.ufla.br<\/a><\/p>\t\t\t\t\t\t\t\t<\/div>\n\t\t\t\t<\/div>\n\t\t\t\t<\/div>\n\t\t\t\t\t<\/div>\n\t\t\t\t<\/div>\n\t\t<div class=\"elementor-element elementor-element-52f8d82 e-flex e-con-boxed wpr-particle-no wpr-jarallax-no wpr-parallax-no wpr-sticky-section-no wpr-equal-height-no e-con e-parent\" data-id=\"52f8d82\" data-element_type=\"container\" data-e-type=\"container\">\n\t\t\t\t\t<div class=\"e-con-inner\">\n\t\t<div class=\"elementor-element elementor-element-2e5d168 e-con-full e-flex wpr-particle-no wpr-jarallax-no wpr-parallax-no wpr-sticky-section-no wpr-equal-height-no e-con e-child\" data-id=\"2e5d168\" data-element_type=\"container\" data-e-type=\"container\">\n\t\t\t\t<div class=\"elementor-element elementor-element-29c0a6a elementor-widget elementor-widget-heading\" data-id=\"29c0a6a\" data-element_type=\"widget\" data-e-type=\"widget\" data-widget_type=\"heading.default\">\n\t\t\t\t<div class=\"elementor-widget-container\">\n\t\t\t\t\t<h3 class=\"elementor-heading-title elementor-size-default\">Publica\u00e7\u00f5es<\/h3>\t\t\t\t<\/div>\n\t\t\t\t<\/div>\n\t\t\t\t<div class=\"elementor-element elementor-element-a5807d4 elementor-widget elementor-widget-text-editor\" data-id=\"a5807d4\" data-element_type=\"widget\" data-e-type=\"widget\" data-widget_type=\"text-editor.default\">\n\t\t\t\t<div class=\"elementor-widget-container\">\n\t\t\t\t\t\t\t\t\t<p><strong>Claiton Correa<\/strong> (IF \u2013 Farroupilha) &#8211; <a href=\"mailto:claiton.correa@iffar.edu.br\">claiton.correa@iffar.edu.br<\/a><br \/><strong>Sandra Rodrigues<\/strong> (UFLA) &#8211; <a href=\"mailto:sandra.rodrigues@ufla.br\">sandra.rodrigues@ufla.br\u00a0<\/a><\/p><p><strong>Cristiane Lana<\/strong> (UFLA) &#8211; <a href=\"mailto:cristiane.lana@ufla.br\">cristiane.lana@ufla.br<\/a><\/p><p><strong>Let\u00edcia Cardoso M. Mustaf\u00e1 Awawdeh<\/strong> (UFLA) Estudante Volunt\u00e1ria &#8211; <a href=\"mailto:leticia.awawdeh@estudante.ufla.br\">leticia.awawdeh@estudante.ufla.br<\/a><\/p>\t\t\t\t\t\t\t\t<\/div>\n\t\t\t\t<\/div>\n\t\t\t\t<\/div>\n\t\t\t\t\t<\/div>\n\t\t\t\t<\/div>\n\t\t<div class=\"elementor-element elementor-element-b61c6e8 e-flex e-con-boxed wpr-particle-no wpr-jarallax-no wpr-parallax-no wpr-sticky-section-no wpr-equal-height-no e-con e-parent\" data-id=\"b61c6e8\" data-element_type=\"container\" data-e-type=\"container\">\n\t\t\t\t\t<div class=\"e-con-inner\">\n\t\t\t\t<div class=\"elementor-element elementor-element-c6a59c0 elementor-widget elementor-widget-spacer\" data-id=\"c6a59c0\" data-element_type=\"widget\" data-e-type=\"widget\" data-widget_type=\"spacer.default\">\n\t\t\t\t<div class=\"elementor-widget-container\">\n\t\t\t\t\t\t\t<div class=\"elementor-spacer\">\n\t\t\t<div class=\"elementor-spacer-inner\"><\/div>\n\t\t<\/div>\n\t\t\t\t\t\t<\/div>\n\t\t\t\t<\/div>\n\t\t\t\t\t<\/div>\n\t\t\t\t<\/div>\n\t\t\t\t<\/div>\n\t\t","protected":false},"excerpt":{"rendered":"<p>Comit\u00eas Coordena\u00e7\u00e3o Geral Andr\u00e9 Pimenta Freire (UFLA) &#8211; apfreire@dcc.ufla.brRaquel Oliveira Prates (UFMG) &#8211; rprates@dcc.ufmg.br Coordena\u00e7\u00e3o de Programa S\u00edlvia Am\u00e9lia Bim (UTFPR) &#8211; sabim@utfpr.edu.brV\u00e2nia Neris (UFSCar) &#8211; vania.neris@ufscar.brPaula Souza (UFSCar) &#8211; Assistente da Coordena\u00e7\u00e3o de Programa Coordena\u00e7\u00e3o de Chamadas Ideias Inovadoras e Resultados Emergentes Emanuel Duarte (UNICAMP) Vin\u00edcius Pereira (UFMT) Pesquisa Marcelo Eller (USP Leste) Kamila Rodrigues (USP S\u00e3o Carlos) Relatos de Experi\u00eancia Taciana Pontual (UFRPE)Tiago Silva (UNIFESP) P\u00f4steres e Demonstra\u00e7\u00f5es Anna Beatriz Marques (UFC)Thiago Coleti (UENP) Pr\u00eamio Junia Coutinho Anacleto Marcelle Mota (UFPA) Marcos Seruffo (UFPA) Ticianne Darin (UFC) Website e Redes Sociais Rodrigo Oliveira (UFF) &#8211; rodrigoso@id.uff.br Acessibilidade Carolina Sacramento\u00a0(UERJ) Kamila Rodrigues\u00a0(USP \/ SP) Rodrigo Oliveira (UFF) &#8211; rodrigoso@id.uff.br Let\u00edcia Cardoso M. Mustaf\u00e1 Awawdeh (UFLA) Estudante Volunt\u00e1ria &#8211; leticia.awawdeh@estudante.ufla.br Publica\u00e7\u00f5es Claiton Correa (IF \u2013 Farroupilha) &#8211; claiton.correa@iffar.edu.brSandra Rodrigues (UFLA) &#8211; sandra.rodrigues@ufla.br\u00a0 Cristiane Lana (UFLA) &#8211; cristiane.lana@ufla.br Let\u00edcia Cardoso M. Mustaf\u00e1 Awawdeh (UFLA) Estudante Volunt\u00e1ria &#8211; leticia.awawdeh@estudante.ufla.br<\/p>\n","protected":false},"author":4,"featured_media":0,"parent":0,"menu_order":0,"comment_status":"closed","ping_status":"closed","template":"elementor_canvas","meta":{"footnotes":""},"class_list":["post-286","page","type-page","status-publish","hentry"],"_links":{"self":[{"href":"https:\/\/ihc.sbc.org.br\/2025\/index.php\/wp-json\/wp\/v2\/pages\/286","targetHints":{"allow":["GET"]}}],"collection":[{"href":"https:\/\/ihc.sbc.org.br\/2025\/index.php\/wp-json\/wp\/v2\/pages"}],"about":[{"href":"https:\/\/ihc.sbc.org.br\/2025\/index.php\/wp-json\/wp\/v2\/types\/page"}],"author":[{"embeddable":true,"href":"https:\/\/ihc.sbc.org.br\/2025\/index.php\/wp-json\/wp\/v2\/users\/4"}],"replies":[{"embeddable":true,"href":"https:\/\/ihc.sbc.org.br\/2025\/index.php\/wp-json\/wp\/v2\/comments?post=286"}],"version-history":[{"count":64,"href":"https:\/\/ihc.sbc.org.br\/2025\/index.php\/wp-json\/wp\/v2\/pages\/286\/revisions"}],"predecessor-version":[{"id":1682,"href":"https:\/\/ihc.sbc.org.br\/2025\/index.php\/wp-json\/wp\/v2\/pages\/286\/revisions\/1682"}],"wp:attachment":[{"href":"https:\/\/ihc.sbc.org.br\/2025\/index.php\/wp-json\/wp\/v2\/media?parent=286"}],"curies":[{"name":"wp","href":"https:\/\/api.w.org\/{rel}","templated":true}]}}