{"id":1469,"date":"2025-07-31T19:23:26","date_gmt":"2025-07-31T22:23:26","guid":{"rendered":"https:\/\/ihc.sbc.org.br\/2025\/?page_id=1469"},"modified":"2025-08-21T18:35:15","modified_gmt":"2025-08-21T21:35:15","slug":"pre-evento","status":"publish","type":"page","link":"https:\/\/ihc.sbc.org.br\/2025\/index.php\/pre-evento\/","title":{"rendered":"Pr\u00e9-Evento IHC 2025"},"content":{"rendered":"\t\t<div data-elementor-type=\"wp-page\" data-elementor-id=\"1469\" class=\"elementor elementor-1469\">\n\t\t\t\t<div class=\"elementor-element elementor-element-1ed6192 e-flex e-con-boxed wpr-particle-no wpr-jarallax-no wpr-parallax-no wpr-sticky-section-no wpr-equal-height-no e-con e-parent\" data-id=\"1ed6192\" data-element_type=\"container\" data-e-type=\"container\" data-settings=\"{&quot;background_background&quot;:&quot;classic&quot;}\">\n\t\t\t\t\t<div class=\"e-con-inner\">\n\t\t\t\t<div class=\"elementor-element elementor-element-08f2f2a elementor-widget elementor-widget-page-title\" data-id=\"08f2f2a\" data-element_type=\"widget\" data-e-type=\"widget\" data-widget_type=\"page-title.default\">\n\t\t\t\t<div class=\"elementor-widget-container\">\n\t\t\t\t\t\t\t\n\t\t<div class=\"hfe-page-title hfe-page-title-wrapper elementor-widget-heading\">\n\n\t\t\t\t\t\t\t\t\t\t\t<a href=\"https:\/\/ihc.sbc.org.br\/2025\">\n\t\t\t\t\t\t<h2 class=\"elementor-heading-title elementor-size-default\">\n\t\t\t\t\t\t\t\t\n\t\t\t\tPr\u00e9-Evento IHC 2025  \n\t\t\t<\/h2 > \n\t\t\t\t\t\t\t\t\t<\/a>\n\t\t\t\t\t<\/div>\n\t\t\t\t\t\t<\/div>\n\t\t\t\t<\/div>\n\t\t\t\t\t<\/div>\n\t\t\t\t<\/div>\n\t\t<div class=\"elementor-element elementor-element-87f890e e-flex e-con-boxed wpr-particle-no wpr-jarallax-no wpr-parallax-no wpr-sticky-section-no wpr-equal-height-no e-con e-parent\" data-id=\"87f890e\" data-element_type=\"container\" data-e-type=\"container\">\n\t\t\t\t\t<div class=\"e-con-inner\">\n\t\t\t\t<div class=\"elementor-element elementor-element-baaa4f0 elementor-widget elementor-widget-spacer\" data-id=\"baaa4f0\" data-element_type=\"widget\" data-e-type=\"widget\" data-widget_type=\"spacer.default\">\n\t\t\t\t<div class=\"elementor-widget-container\">\n\t\t\t\t\t\t\t<div class=\"elementor-spacer\">\n\t\t\t<div class=\"elementor-spacer-inner\"><\/div>\n\t\t<\/div>\n\t\t\t\t\t\t<\/div>\n\t\t\t\t<\/div>\n\t\t\t\t<div class=\"elementor-element elementor-element-1db1913 elementor-widget elementor-widget-heading\" data-id=\"1db1913\" data-element_type=\"widget\" data-e-type=\"widget\" data-widget_type=\"heading.default\">\n\t\t\t\t<div class=\"elementor-widget-container\">\n\t\t\t\t\t<h4 class=\"elementor-heading-title elementor-size-default\">Reflex\u00f5es sobre os Grandes Desafios de IHC no Brasil (GranDIHC-BR 2025-2035)<\/h4>\t\t\t\t<\/div>\n\t\t\t\t<\/div>\n\t\t\t\t<div class=\"elementor-element elementor-element-57c3f07 elementor-widget elementor-widget-text-editor\" data-id=\"57c3f07\" data-element_type=\"widget\" data-e-type=\"widget\" data-widget_type=\"text-editor.default\">\n\t\t\t\t<div class=\"elementor-widget-container\">\n\t\t\t\t\t\t\t\t\t<div class=\"elementor-element elementor-element-e1de03d elementor-widget elementor-widget-heading\" data-id=\"e1de03d\" data-element_type=\"widget\" data-widget_type=\"heading.default\"><div class=\"elementor-widget-container\"><p><span style=\"font-weight: 400;\">Em 2024, a comunidade brasileira de Intera\u00e7\u00e3o Humano-Computador (IHC) lan\u00e7ou oficialmente os <a href=\"https:\/\/ihc.sbc.org.br\/2024\/grandihc-br\/\">Grandes Desafios de IHC 2025-2035<\/a>, promovendo uma agenda estrat\u00e9gica para orientar a\u00e7\u00f5es de pesquisa, ensino, extens\u00e3o e inova\u00e7\u00e3o. Um ano depois, \u00e0s v\u00e9speras do IHC 2025 em Belo Horizonte, propomos um encontro presencial de um dia na cidade hist\u00f3rica de Ouro Preto para refletir, discutir e co-criar estrat\u00e9gias coletivas de atua\u00e7\u00e3o frente a esses desafios.<\/span><\/p><p><span style=\"font-weight: 400;\">O evento, intitulado &#8220;Cultura, Conex\u00f5es e os Grandes Desafios da IHC&#8221;, ser\u00e1 um pr\u00e9-congresso com foco em integra\u00e7\u00e3o da comunidade, troca de experi\u00eancias e planejamento de a\u00e7\u00f5es concretas.\u00a0<\/span><\/p><p><span style=\"font-weight: 400;\">Esperamos receber participantes de diferentes regi\u00f5es do Brasil, especialmente aqueles que j\u00e1 estar\u00e3o se deslocando para o XXIV Simp\u00f3sio Brasileiro sobre Fatores Humanos em Sistemas Computacionais (IHC 2025).<\/span><\/p><p><span style=\"font-weight: 400;\">A cidade de Ouro Preto, patrim\u00f4nio hist\u00f3rico e cultural da humanidade, \u00e9 uma cidade encantadora que combina arte barroca, rica gastronomia mineira e paisagens naturais deslumbrantes. Al\u00e9m de seu importante acervo arquitet\u00f4nico e museus, oferece aos visitantes uma experi\u00eancia \u00fanica com op\u00e7\u00f5es de turismo ecol\u00f3gico em trilhas, cachoeiras e serras pr\u00f3ximas: um convite perfeito para unir conhecimento, cultura e contato com a natureza durante o evento.<\/span><\/p><\/div><\/div>\t\t\t\t\t\t\t\t<\/div>\n\t\t\t\t<\/div>\n\t\t\t\t<div class=\"elementor-element elementor-element-456eccf elementor-widget elementor-widget-heading\" data-id=\"456eccf\" data-element_type=\"widget\" data-e-type=\"widget\" data-widget_type=\"heading.default\">\n\t\t\t\t<div class=\"elementor-widget-container\">\n\t\t\t\t\t<h4 class=\"elementor-heading-title elementor-size-default\">Objetivos<\/h4>\t\t\t\t<\/div>\n\t\t\t\t<\/div>\n\t\t\t\t<div class=\"elementor-element elementor-element-9b2e604 elementor-widget elementor-widget-text-editor\" data-id=\"9b2e604\" data-element_type=\"widget\" data-e-type=\"widget\" data-widget_type=\"text-editor.default\">\n\t\t\t\t<div class=\"elementor-widget-container\">\n\t\t\t\t\t\t\t\t\t<ul><li style=\"font-weight: 400;\" aria-level=\"1\"><span style=\"font-weight: 400;\">Reunir a comunidade de IHC em uma cidade inspiradora, e atuarmos de forma colaborativa em uma agenda de a\u00e7\u00f5es concretas relacionadas aos Desafios;<\/span><\/li><li style=\"font-weight: 400;\" aria-level=\"1\"><span style=\"font-weight: 400;\">Discutir os desdobramentos do primeiro ano dos Grandes Desafios de IHC;<\/span><\/li><li style=\"font-weight: 400;\" aria-level=\"1\"><span style=\"font-weight: 400;\">Estimular propostas coletivas e interinstitucionais para promo\u00e7\u00e3o desses Desafios;<\/span><\/li><li style=\"font-weight: 400;\" aria-level=\"1\"><span style=\"font-weight: 400;\">Promover trocas entre pesquisadores seniores, jovens pesquisadores e estudantes;<\/span><\/li><li style=\"font-weight: 400;\" aria-level=\"1\"><span style=\"font-weight: 400;\">Valorizar a cultura e hist\u00f3ria brasileira como parte da experi\u00eancia do evento.<\/span><\/li><\/ul>\t\t\t\t\t\t\t\t<\/div>\n\t\t\t\t<\/div>\n\t\t\t\t<div class=\"elementor-element elementor-element-eabba47 elementor-widget elementor-widget-heading\" data-id=\"eabba47\" data-element_type=\"widget\" data-e-type=\"widget\" data-widget_type=\"heading.default\">\n\t\t\t\t<div class=\"elementor-widget-container\">\n\t\t\t\t\t<h4 class=\"elementor-heading-title elementor-size-default\">Formato do Evento\n<\/h4>\t\t\t\t<\/div>\n\t\t\t\t<\/div>\n\t\t\t\t<div class=\"elementor-element elementor-element-48892e8 elementor-widget elementor-widget-text-editor\" data-id=\"48892e8\" data-element_type=\"widget\" data-e-type=\"widget\" data-widget_type=\"text-editor.default\">\n\t\t\t\t<div class=\"elementor-widget-container\">\n\t\t\t\t\t\t\t\t\t<ul><li style=\"font-weight: 400;\" aria-level=\"1\"><span style=\"font-weight: 400;\">Sess\u00f5es provocadoras curtas (<\/span><i><span style=\"font-weight: 400;\">lightning talks<\/span><\/i><span style=\"font-weight: 400;\"> e pain\u00e9is);<\/span><\/li><li style=\"font-weight: 400;\" aria-level=\"1\"><span style=\"font-weight: 400;\">Din\u00e2micas em grupos por eixos tem\u00e1ticos dos Grandes Desafios;<\/span><\/li><li style=\"font-weight: 400;\" aria-level=\"1\"><span style=\"font-weight: 400;\">Rodas de conversa para constru\u00e7\u00e3o de propostas coletivas.<\/span><\/li><\/ul>\t\t\t\t\t\t\t\t<\/div>\n\t\t\t\t<\/div>\n\t\t\t\t<div class=\"elementor-element elementor-element-c08a2d0 elementor-widget elementor-widget-heading\" data-id=\"c08a2d0\" data-element_type=\"widget\" data-e-type=\"widget\" data-widget_type=\"heading.default\">\n\t\t\t\t<div class=\"elementor-widget-container\">\n\t\t\t\t\t<h4 class=\"elementor-heading-title elementor-size-default\">P\u00fablico-Alvo\n<\/h4>\t\t\t\t<\/div>\n\t\t\t\t<\/div>\n\t\t\t\t<div class=\"elementor-element elementor-element-2189fd1 elementor-widget elementor-widget-text-editor\" data-id=\"2189fd1\" data-element_type=\"widget\" data-e-type=\"widget\" data-widget_type=\"text-editor.default\">\n\t\t\t\t<div class=\"elementor-widget-container\">\n\t\t\t\t\t\t\t\t\t<ul><li style=\"font-weight: 400;\" aria-level=\"1\"><span style=\"font-weight: 400;\">Pesquisadores e pesquisadoras da \u00e1rea de IHC no Brasil;<\/span><\/li><li style=\"font-weight: 400;\" aria-level=\"1\"><span style=\"font-weight: 400;\">Estudantes de gradua\u00e7\u00e3o e p\u00f3s-gradua\u00e7\u00e3o interessados na \u00e1rea;<\/span><\/li><li style=\"font-weight: 400;\" aria-level=\"1\"><span style=\"font-weight: 400;\">Membros da CEIHC e da SBC.<\/span><\/li><\/ul>\t\t\t\t\t\t\t\t<\/div>\n\t\t\t\t<\/div>\n\t\t\t\t<div class=\"elementor-element elementor-element-7f5f29f elementor-widget elementor-widget-heading\" data-id=\"7f5f29f\" data-element_type=\"widget\" data-e-type=\"widget\" data-widget_type=\"heading.default\">\n\t\t\t\t<div class=\"elementor-widget-container\">\n\t\t\t\t\t<h4 class=\"elementor-heading-title elementor-size-default\">Submiss\u00f5es\n<\/h4>\t\t\t\t<\/div>\n\t\t\t\t<\/div>\n\t\t\t\t\t<\/div>\n\t\t\t\t<\/div>\n\t\t<div class=\"elementor-element elementor-element-538fb7e e-flex e-con-boxed wpr-particle-no wpr-jarallax-no wpr-parallax-no wpr-sticky-section-no wpr-equal-height-no e-con e-parent\" data-id=\"538fb7e\" data-element_type=\"container\" data-e-type=\"container\">\n\t\t\t\t\t<div class=\"e-con-inner\">\n\t\t\t\t<div class=\"elementor-element elementor-element-2b66711 elementor-widget elementor-widget-text-editor\" data-id=\"2b66711\" data-element_type=\"widget\" data-e-type=\"widget\" data-widget_type=\"text-editor.default\">\n\t\t\t\t<div class=\"elementor-widget-container\">\n\t\t\t\t\t\t\t\t\t<p><span style=\"font-weight: 400;\">Pessoas interessadas em participar devem submeter um <\/span><i><span style=\"font-weight: 400;\">position paper<\/span><\/i><span style=\"font-weight: 400;\"> curto (de at\u00e9 4 p\u00e1ginas e mais 1 de refer\u00eancias) com ideias, encaminhamentos e agendas relacionadas aos desafios propostos. As submiss\u00f5es devem indicar a\u00e7\u00f5es ou perspectivas relacionadas aos Grandes Desafios de IHC que possam pautar a\u00e7\u00f5es da comunidade no sentido de avan\u00e7armos na supera\u00e7\u00e3o ou endere\u00e7amento desses grandes desafios.<\/span><\/p><p><span style=\"font-weight: 400;\">Os\u00a0artigos devem trazer:<\/span><\/p><ul><li style=\"font-weight: 400;\" aria-level=\"1\"><span style=\"font-weight: 400;\">Relatos e an\u00e1lises sobre o que foi realizado em 2024\u20132025 em resposta aos Grandes Desafios de IHC;<\/span><\/li><li style=\"font-weight: 400;\" aria-level=\"1\"><span style=\"font-weight: 400;\">Reflex\u00f5es cr\u00edticas sobre as dire\u00e7\u00f5es apontadas nos desafios;<\/span><\/li><li style=\"font-weight: 400;\" aria-level=\"1\"><span style=\"font-weight: 400;\">Propostas de caminhos, estrat\u00e9gias e articula\u00e7\u00f5es para os pr\u00f3ximos anos;<\/span><\/li><li style=\"font-weight: 400;\" aria-level=\"1\"><span style=\"font-weight: 400;\">Identifica\u00e7\u00e3o de lacunas, oportunidades e parcerias necess\u00e1rias para avan\u00e7ar nas metas da comunidade.<\/span><\/li><\/ul><p>\u00a0<\/p><p><b>As submiss\u00f5es dever\u00e3o ser feitas at\u00e9 o dia 12 de agosto de 2025<\/b><span style=\"font-weight: 400;\">, via sistema <\/span><a href=\"https:\/\/jems3.sbc.org.br\/events\/397\"><span style=\"font-weight: 400;\">J E M S 3<\/span><\/a><span style=\"font-weight: 400;\">, usando <\/span><a href=\"https:\/\/ihc.sbc.org.br\/2025\/wp-content\/uploads\/2025\/08\/Template_Artigos_IHC_SOL_SBC_Acessivel.zip\"><span style=\"font-weight: 400;\">template de artigos da SBC<\/span><\/a><span style=\"font-weight: 400;\"> no site do IHC25. <\/span><b>As submiss\u00f5es n\u00e3o devem ser an\u00f4nimas.<\/b><span style=\"font-weight: 400;\"> Os textos finais ser\u00e3o publicados na SBC Open Lib &#8211; SOL.\u00a0<\/span><\/p><p><span style=\"font-weight: 400;\">O documento deve conter:<\/span><\/p><ul><li style=\"font-weight: 400;\" aria-level=\"1\"><span style=\"font-weight: 400;\">T\u00edtulo;<\/span><\/li><li style=\"font-weight: 400;\" aria-level=\"1\"><span style=\"font-weight: 400;\">Autores e afilia\u00e7\u00f5es;<\/span><\/li><li aria-level=\"1\">Resumo;<\/li><li style=\"font-weight: 400;\" aria-level=\"1\"><span style=\"font-weight: 400;\">Descri\u00e7\u00e3o do(s) desafio(s) abordado(s);<\/span><\/li><li style=\"font-weight: 400;\" aria-level=\"1\"><span style=\"font-weight: 400;\">Contribui\u00e7\u00f5es, reflex\u00f5es ou propostas para o avan\u00e7o da \u00e1rea;<\/span><\/li><li style=\"font-weight: 400;\" aria-level=\"1\"><span style=\"font-weight: 400;\">Refer\u00eancias (quando aplic\u00e1vel).<\/span><\/li><\/ul><p>\u00a0<\/p><p><span style=\"font-weight: 400;\">As submiss\u00f5es ser\u00e3o avaliadas por um comit\u00ea editorial e os artigos aceitos ser\u00e3o apresentados e discutidos durante o pr\u00e9-evento. <\/span><b>Os resultados ser\u00e3o divulgados at\u00e9 22\/08\/2025<\/b><span style=\"font-weight: 400;\">.<\/span><\/p>\t\t\t\t\t\t\t\t<\/div>\n\t\t\t\t<\/div>\n\t\t\t\t<div class=\"elementor-element elementor-element-8cd32f6 elementor-widget elementor-widget-heading\" data-id=\"8cd32f6\" data-element_type=\"widget\" data-e-type=\"widget\" data-widget_type=\"heading.default\">\n\t\t\t\t<div class=\"elementor-widget-container\">\n\t\t\t\t\t<h4 class=\"elementor-heading-title elementor-size-default\">Os desafios\n<\/h4>\t\t\t\t<\/div>\n\t\t\t\t<\/div>\n\t\t\t\t<div class=\"elementor-element elementor-element-0c30724 elementor-widget elementor-widget-text-editor\" data-id=\"0c30724\" data-element_type=\"widget\" data-e-type=\"widget\" data-widget_type=\"text-editor.default\">\n\t\t\t\t<div class=\"elementor-widget-container\">\n\t\t\t\t\t\t\t\t\t<ul><li style=\"font-weight: 400;\" aria-level=\"1\"><span style=\"font-weight: 400;\">GC1: Novas Abordagens Te\u00f3ricas e Metodol\u00f3gicas em IHC<\/span><\/li><li style=\"font-weight: 400;\" aria-level=\"1\"><span style=\"font-weight: 400;\">GC2: \u00c9tica e Responsabilidade: Princ\u00edpios, Normas e Implica\u00e7\u00f5es Sociais da Participa\u00e7\u00e3o Humana em Pesquisa em IHC<\/span><\/li><li style=\"font-weight: 400;\" aria-level=\"1\"><span style=\"font-weight: 400;\">GC3: Pluralidade e Decolonialidade em IHC<\/span><\/li><li style=\"font-weight: 400;\" aria-level=\"1\"><span style=\"font-weight: 400;\">GC4: Aspectos Socioculturais na Intera\u00e7\u00e3o Humano-Computador<\/span><\/li><li style=\"font-weight: 400;\" aria-level=\"1\"><span style=\"font-weight: 400;\">GC5: Intera\u00e7\u00e3o Humano-Dados, Alfabetiza\u00e7\u00e3o em Dados e Privacidade Utiliz\u00e1vel<\/span><\/li><li style=\"font-weight: 400;\" aria-level=\"1\"><span style=\"font-weight: 400;\">GC6: Implica\u00e7\u00f5es da Intelig\u00eancia Artificial em IHC: Uma Discuss\u00e3o sobre Paradigmas, \u00c9tica e Diversidade, Equidade e Inclus\u00e3o<\/span><\/li><li style=\"font-weight: 400;\" aria-level=\"1\"><span style=\"font-weight: 400;\">GC7: Intera\u00e7\u00e3o com Tecnologias Emergentes: Um Ecossistema que Integra Humanos, Tecnologias e Contextos<\/span><\/li><\/ul><p>\u00a0<\/p><p><span style=\"font-weight: 400;\">Uma c\u00f3pia dos documentos finais dos desafios est\u00e1 dispon\u00edvel <\/span><a href=\"https:\/\/drive.google.com\/drive\/folders\/1SSp6aeuRZAJvAi-rdj3aHegxz02a6yX4?usp=sharing\"><span style=\"font-weight: 400;\">neste link<\/span><\/a><span style=\"font-weight: 400;\">.<\/span><\/p>\t\t\t\t\t\t\t\t<\/div>\n\t\t\t\t<\/div>\n\t\t\t\t<div class=\"elementor-element elementor-element-af15eb7 elementor-widget elementor-widget-heading\" data-id=\"af15eb7\" data-element_type=\"widget\" data-e-type=\"widget\" data-widget_type=\"heading.default\">\n\t\t\t\t<div class=\"elementor-widget-container\">\n\t\t\t\t\t<h4 class=\"elementor-heading-title elementor-size-default\">Transporte<\/h4>\t\t\t\t<\/div>\n\t\t\t\t<\/div>\n\t\t\t\t<div class=\"elementor-element elementor-element-3e3670f elementor-widget elementor-widget-text-editor\" data-id=\"3e3670f\" data-element_type=\"widget\" data-e-type=\"widget\" data-widget_type=\"text-editor.default\">\n\t\t\t\t<div class=\"elementor-widget-container\">\n\t\t\t\t\t\t\t\t\t<p><span style=\"font-weight: 400;\">Haver\u00e1\u00a0<\/span><b>transporte gratuito<\/b><span style=\"font-weight: 400;\">\u00a0entre Belo Horizonte e Ouro Preto no dia do pr\u00e9-evento. Um \u00f4nibus sair\u00e1 da\u00a0<\/span><b>UFMG<\/b><span style=\"font-weight: 400;\">\u00a0na manh\u00e3 de domingo (07\/09) em dire\u00e7\u00e3o a Ouro Preto, com\u00a0<\/span><b>retorno previsto para o final da tarde<\/b><span style=\"font-weight: 400;\">, com destino a Belo Horizonte. Os hor\u00e1rios detalhados e o ponto de encontro ser\u00e3o informados aos participantes inscritos.<\/span><\/p>\t\t\t\t\t\t\t\t<\/div>\n\t\t\t\t<\/div>\n\t\t\t\t<div class=\"elementor-element elementor-element-e09c31b elementor-widget elementor-widget-heading\" data-id=\"e09c31b\" data-element_type=\"widget\" data-e-type=\"widget\" data-widget_type=\"heading.default\">\n\t\t\t\t<div class=\"elementor-widget-container\">\n\t\t\t\t\t<h4 class=\"elementor-heading-title elementor-size-default\">Coordena\u00e7\u00e3o<\/h4>\t\t\t\t<\/div>\n\t\t\t\t<\/div>\n\t\t\t\t<div class=\"elementor-element elementor-element-caefdca elementor-widget elementor-widget-text-editor\" data-id=\"caefdca\" data-element_type=\"widget\" data-e-type=\"widget\" data-widget_type=\"text-editor.default\">\n\t\t\t\t<div class=\"elementor-widget-container\">\n\t\t\t\t\t\t\t\t\t<p><span style=\"font-weight: 400;\">Kamila Rodrigues (USP) &#8211; Coordena\u00e7\u00e3o pela CEIHC<\/span><\/p><p><span style=\"font-weight: 400;\">Saul Delabrida (UFOP) &#8211; Coordena\u00e7\u00e3o local do Pr\u00e9-evento<\/span><\/p><p><span style=\"font-weight: 400;\">Andrea Gomes Campos (UFOP) &#8211; Coordena\u00e7\u00e3o local do Pr\u00e9-evento<\/span><\/p><p><span style=\"font-weight: 400;\">Milene Silveira (PUC-RS) &#8211; Coordenadora do GranDIHC-BR em 2024<\/span><\/p><p><span style=\"font-weight: 400;\">Roberto Pereira (UFPR) &#8211; Coordenador do GranDIHC-BR em 2024<\/span><\/p><p><span style=\"font-weight: 400;\">Ticianne Darin (UFC) &#8211; Coordenadora do GranDIHC-BR em 2024<\/span><\/p>\t\t\t\t\t\t\t\t<\/div>\n\t\t\t\t<\/div>\n\t\t\t\t<div class=\"elementor-element elementor-element-ffb7ad1 elementor-widget elementor-widget-spacer\" data-id=\"ffb7ad1\" data-element_type=\"widget\" data-e-type=\"widget\" data-widget_type=\"spacer.default\">\n\t\t\t\t<div class=\"elementor-widget-container\">\n\t\t\t\t\t\t\t<div class=\"elementor-spacer\">\n\t\t\t<div class=\"elementor-spacer-inner\"><\/div>\n\t\t<\/div>\n\t\t\t\t\t\t<\/div>\n\t\t\t\t<\/div>\n\t\t\t\t\t<\/div>\n\t\t\t\t<\/div>\n\t\t\t\t<\/div>\n\t\t","protected":false},"excerpt":{"rendered":"<p>Pr\u00e9-Evento IHC 2025 Reflex\u00f5es sobre os Grandes Desafios de IHC no Brasil (GranDIHC-BR 2025-2035) Em 2024, a comunidade brasileira de Intera\u00e7\u00e3o Humano-Computador (IHC) lan\u00e7ou oficialmente os Grandes Desafios de IHC 2025-2035, promovendo uma agenda estrat\u00e9gica para orientar a\u00e7\u00f5es de pesquisa, ensino, extens\u00e3o e inova\u00e7\u00e3o. Um ano depois, \u00e0s v\u00e9speras do IHC 2025 em Belo Horizonte, propomos um encontro presencial de um dia na cidade hist\u00f3rica de Ouro Preto para refletir, discutir e co-criar estrat\u00e9gias coletivas de atua\u00e7\u00e3o frente a esses desafios. O evento, intitulado &#8220;Cultura, Conex\u00f5es e os Grandes Desafios da IHC&#8221;, ser\u00e1 um pr\u00e9-congresso com foco em integra\u00e7\u00e3o da comunidade, troca de experi\u00eancias e planejamento de a\u00e7\u00f5es concretas.\u00a0 Esperamos receber participantes de diferentes regi\u00f5es do Brasil, especialmente aqueles que j\u00e1 estar\u00e3o se deslocando para o XXIV Simp\u00f3sio Brasileiro sobre Fatores Humanos em Sistemas Computacionais (IHC 2025). A cidade de Ouro Preto, patrim\u00f4nio hist\u00f3rico e cultural da humanidade, \u00e9 uma cidade encantadora que combina arte barroca, rica gastronomia mineira e paisagens naturais deslumbrantes. Al\u00e9m de seu importante acervo arquitet\u00f4nico e museus, oferece aos visitantes uma experi\u00eancia \u00fanica com op\u00e7\u00f5es de turismo ecol\u00f3gico em trilhas, cachoeiras e serras pr\u00f3ximas: um convite perfeito para unir conhecimento, cultura e contato com a natureza durante o evento. Objetivos Reunir a comunidade de IHC em uma cidade inspiradora, e atuarmos de forma colaborativa em uma agenda de a\u00e7\u00f5es concretas relacionadas aos Desafios; Discutir os desdobramentos do primeiro ano dos Grandes Desafios de IHC; Estimular propostas coletivas e interinstitucionais para promo\u00e7\u00e3o desses Desafios; Promover trocas entre pesquisadores seniores, jovens pesquisadores e estudantes; Valorizar a cultura e hist\u00f3ria brasileira como parte da experi\u00eancia do evento. Formato do Evento Sess\u00f5es provocadoras curtas (lightning talks e pain\u00e9is); Din\u00e2micas em grupos por eixos tem\u00e1ticos dos Grandes Desafios; Rodas de conversa para constru\u00e7\u00e3o de propostas coletivas. P\u00fablico-Alvo Pesquisadores e pesquisadoras da \u00e1rea de IHC no Brasil; Estudantes de gradua\u00e7\u00e3o e p\u00f3s-gradua\u00e7\u00e3o interessados na \u00e1rea; Membros da CEIHC e da SBC. Submiss\u00f5es Pessoas interessadas em participar devem submeter um position paper curto (de at\u00e9 4 p\u00e1ginas e mais 1 de refer\u00eancias) com ideias, encaminhamentos e agendas relacionadas aos desafios propostos. As submiss\u00f5es devem indicar a\u00e7\u00f5es ou perspectivas relacionadas aos Grandes Desafios de IHC que possam pautar a\u00e7\u00f5es da comunidade no sentido de avan\u00e7armos na supera\u00e7\u00e3o ou endere\u00e7amento desses grandes desafios. Os\u00a0artigos devem trazer: Relatos e an\u00e1lises sobre o que foi realizado em 2024\u20132025 em resposta aos Grandes Desafios de IHC; Reflex\u00f5es cr\u00edticas sobre as dire\u00e7\u00f5es apontadas nos desafios; Propostas de caminhos, estrat\u00e9gias e articula\u00e7\u00f5es para os pr\u00f3ximos anos; Identifica\u00e7\u00e3o de lacunas, oportunidades e parcerias necess\u00e1rias para avan\u00e7ar nas metas da comunidade. \u00a0 As submiss\u00f5es dever\u00e3o ser feitas at\u00e9 o dia 12 de agosto de 2025, via sistema J E M S 3, usando template de artigos da SBC no site do IHC25. As submiss\u00f5es n\u00e3o devem ser an\u00f4nimas. Os textos finais ser\u00e3o publicados na SBC Open Lib &#8211; SOL.\u00a0 O documento deve conter: T\u00edtulo; Autores e afilia\u00e7\u00f5es; Resumo; Descri\u00e7\u00e3o do(s) desafio(s) abordado(s); Contribui\u00e7\u00f5es, reflex\u00f5es ou propostas para o avan\u00e7o da \u00e1rea; Refer\u00eancias (quando aplic\u00e1vel). \u00a0 As submiss\u00f5es ser\u00e3o avaliadas por um comit\u00ea editorial e os artigos aceitos ser\u00e3o apresentados e discutidos durante o pr\u00e9-evento. Os resultados ser\u00e3o divulgados at\u00e9 22\/08\/2025. Os desafios GC1: Novas Abordagens Te\u00f3ricas e Metodol\u00f3gicas em IHC GC2: \u00c9tica e Responsabilidade: Princ\u00edpios, Normas e Implica\u00e7\u00f5es Sociais da Participa\u00e7\u00e3o Humana em Pesquisa em IHC GC3: Pluralidade e Decolonialidade em IHC GC4: Aspectos Socioculturais na Intera\u00e7\u00e3o Humano-Computador GC5: Intera\u00e7\u00e3o Humano-Dados, Alfabetiza\u00e7\u00e3o em Dados e Privacidade Utiliz\u00e1vel GC6: Implica\u00e7\u00f5es da Intelig\u00eancia Artificial em IHC: Uma Discuss\u00e3o sobre Paradigmas, \u00c9tica e Diversidade, Equidade e Inclus\u00e3o GC7: Intera\u00e7\u00e3o com Tecnologias Emergentes: Um Ecossistema que Integra Humanos, Tecnologias e Contextos \u00a0 Uma c\u00f3pia dos documentos finais dos desafios est\u00e1 dispon\u00edvel neste link. Transporte Haver\u00e1\u00a0transporte gratuito\u00a0entre Belo Horizonte e Ouro Preto no dia do pr\u00e9-evento. Um \u00f4nibus sair\u00e1 da\u00a0UFMG\u00a0na manh\u00e3 de domingo (07\/09) em dire\u00e7\u00e3o a Ouro Preto, com\u00a0retorno previsto para o final da tarde, com destino a Belo Horizonte. Os hor\u00e1rios detalhados e o ponto de encontro ser\u00e3o informados aos participantes inscritos. Coordena\u00e7\u00e3o Kamila Rodrigues (USP) &#8211; Coordena\u00e7\u00e3o pela CEIHC Saul Delabrida (UFOP) &#8211; Coordena\u00e7\u00e3o local do Pr\u00e9-evento Andrea Gomes Campos (UFOP) &#8211; Coordena\u00e7\u00e3o local do Pr\u00e9-evento Milene Silveira (PUC-RS) &#8211; Coordenadora do GranDIHC-BR em 2024 Roberto Pereira (UFPR) &#8211; Coordenador do GranDIHC-BR em 2024 Ticianne Darin (UFC) &#8211; Coordenadora do GranDIHC-BR em 2024<\/p>\n","protected":false},"author":4,"featured_media":0,"parent":0,"menu_order":0,"comment_status":"closed","ping_status":"closed","template":"","meta":{"footnotes":""},"class_list":["post-1469","page","type-page","status-publish","hentry"],"_links":{"self":[{"href":"https:\/\/ihc.sbc.org.br\/2025\/index.php\/wp-json\/wp\/v2\/pages\/1469","targetHints":{"allow":["GET"]}}],"collection":[{"href":"https:\/\/ihc.sbc.org.br\/2025\/index.php\/wp-json\/wp\/v2\/pages"}],"about":[{"href":"https:\/\/ihc.sbc.org.br\/2025\/index.php\/wp-json\/wp\/v2\/types\/page"}],"author":[{"embeddable":true,"href":"https:\/\/ihc.sbc.org.br\/2025\/index.php\/wp-json\/wp\/v2\/users\/4"}],"replies":[{"embeddable":true,"href":"https:\/\/ihc.sbc.org.br\/2025\/index.php\/wp-json\/wp\/v2\/comments?post=1469"}],"version-history":[{"count":22,"href":"https:\/\/ihc.sbc.org.br\/2025\/index.php\/wp-json\/wp\/v2\/pages\/1469\/revisions"}],"predecessor-version":[{"id":1637,"href":"https:\/\/ihc.sbc.org.br\/2025\/index.php\/wp-json\/wp\/v2\/pages\/1469\/revisions\/1637"}],"wp:attachment":[{"href":"https:\/\/ihc.sbc.org.br\/2025\/index.php\/wp-json\/wp\/v2\/media?parent=1469"}],"curies":[{"name":"wp","href":"https:\/\/api.w.org\/{rel}","templated":true}]}}