{"id":7417,"date":"2023-12-23T20:47:42","date_gmt":"2023-12-23T23:47:42","guid":{"rendered":"https:\/\/ihc.sbc.org.br\/2024\/?page_id=7417"},"modified":"2024-09-11T21:20:12","modified_gmt":"2024-09-12T00:20:12","slug":"processo-revisar-e-ressubmeter","status":"publish","type":"page","link":"https:\/\/ihc.sbc.org.br\/2024\/processo-revisar-e-ressubmeter\/","title":{"rendered":"Processo Revisar e Ressubmeter"},"content":{"rendered":"\t\t<div data-elementor-type=\"wp-page\" data-elementor-id=\"7417\" class=\"elementor elementor-7417\" data-elementor-post-type=\"page\">\n\t\t\t\t\t\t<section class=\"elementor-section elementor-top-section elementor-element elementor-element-4de8b37 elementor-section-height-min-height elementor-section-boxed elementor-section-height-default elementor-section-items-middle elementor-invisible\" data-id=\"4de8b37\" data-element_type=\"section\" data-e-type=\"section\" data-settings=\"{&quot;background_background&quot;:&quot;classic&quot;,&quot;animation&quot;:&quot;fadeIn&quot;,&quot;shape_divider_top_negative&quot;:&quot;yes&quot;,&quot;shape_divider_bottom&quot;:&quot;curve-asymmetrical&quot;,&quot;shape_divider_top&quot;:&quot;curve&quot;}\">\n\t\t\t\t\t\t\t<div class=\"elementor-background-overlay\"><\/div>\n\t\t\t\t\t\t<div class=\"elementor-shape elementor-shape-top\" aria-hidden=\"true\" data-negative=\"true\">\n\t\t\t<svg xmlns=\"http:\/\/www.w3.org\/2000\/svg\" viewBox=\"0 0 1000 100\" preserveAspectRatio=\"none\">\n\t<path class=\"elementor-shape-fill\" d=\"M500,97C126.7,96.3,0.8,19.8,0,0v100l1000,0V1C1000,19.4,873.3,97.8,500,97z\"\/>\n<\/svg>\t\t<\/div>\n\t\t\t\t<div class=\"elementor-shape elementor-shape-bottom\" aria-hidden=\"true\" data-negative=\"false\">\n\t\t\t<svg xmlns=\"http:\/\/www.w3.org\/2000\/svg\" viewBox=\"0 0 1000 100\" preserveAspectRatio=\"none\">\n\t<path class=\"elementor-shape-fill\" d=\"M0,0c0,0,0,6,0,6.7c0,18,240.2,93.6,615.2,92.6C989.8,98.5,1000,25,1000,6.7c0-0.7,0-6.7,0-6.7H0z\"\/>\n<\/svg>\t\t<\/div>\n\t\t\t\t\t<div class=\"elementor-container elementor-column-gap-default\">\n\t\t\t\t\t<div class=\"elementor-column elementor-col-100 elementor-top-column elementor-element elementor-element-e4ab5a2\" data-id=\"e4ab5a2\" data-element_type=\"column\" data-e-type=\"column\">\n\t\t\t<div class=\"elementor-widget-wrap elementor-element-populated\">\n\t\t\t\t\t\t\t<\/div>\n\t\t<\/div>\n\t\t\t\t\t<\/div>\n\t\t<\/section>\n\t\t\t\t<section class=\"elementor-section elementor-top-section elementor-element elementor-element-0bde552 elementor-section-boxed elementor-section-height-default elementor-section-height-default elementor-invisible\" data-id=\"0bde552\" data-element_type=\"section\" data-e-type=\"section\" data-settings=\"{&quot;animation&quot;:&quot;fadeIn&quot;}\">\n\t\t\t\t\t\t<div class=\"elementor-container elementor-column-gap-wider\">\n\t\t\t\t\t<div class=\"elementor-column elementor-col-100 elementor-top-column elementor-element elementor-element-741aeb6\" data-id=\"741aeb6\" data-element_type=\"column\" data-e-type=\"column\">\n\t\t\t<div class=\"elementor-widget-wrap elementor-element-populated\">\n\t\t\t\t\t\t<div class=\"elementor-element elementor-element-4462cde elementor-widget elementor-widget-text-editor\" data-id=\"4462cde\" data-element_type=\"widget\" data-e-type=\"widget\" data-widget_type=\"text-editor.default\">\n\t\t\t\t<div class=\"elementor-widget-container\">\n\t\t\t\t\t\t\t\t\t<p><span style=\"font-weight: 400;\">As instru\u00e7\u00f5es a seguir s\u00e3o aplic\u00e1veis \u00e0s trilhas indicadas abaixo. Para informa\u00e7\u00f5es adicionais sobre as trilhas, consulte as p\u00e1ginas espec\u00edficas:<\/span><\/p>\t\t\t\t\t\t\t\t<\/div>\n\t\t\t\t<\/div>\n\t\t\t\t<section class=\"elementor-section elementor-inner-section elementor-element elementor-element-0c0c443 elementor-section-boxed elementor-section-height-default elementor-section-height-default\" data-id=\"0c0c443\" data-element_type=\"section\" data-e-type=\"section\">\n\t\t\t\t\t\t<div class=\"elementor-container elementor-column-gap-wide\">\n\t\t\t\t\t<div class=\"elementor-column elementor-col-33 elementor-inner-column elementor-element elementor-element-3cd76ef\" data-id=\"3cd76ef\" data-element_type=\"column\" data-e-type=\"column\">\n\t\t\t<div class=\"elementor-widget-wrap elementor-element-populated\">\n\t\t\t\t\t\t<div class=\"elementor-element elementor-element-d25be61 elementor-cta--skin-cover elementor-cta--valign-middle elementor-animated-content elementor-widget elementor-widget-call-to-action\" data-id=\"d25be61\" data-element_type=\"widget\" data-e-type=\"widget\" data-widget_type=\"call-to-action.default\">\n\t\t\t\t<div class=\"elementor-widget-container\">\n\t\t\t\t\t\t\t<div class=\"elementor-cta\">\n\t\t\t\t\t<div class=\"elementor-cta__bg-wrapper\">\n\t\t\t\t<div class=\"elementor-cta__bg elementor-bg\" style=\"background-image: url();\" role=\"img\" aria-label=\"\"><\/div>\n\t\t\t\t<div class=\"elementor-cta__bg-overlay\"><\/div>\n\t\t\t<\/div>\n\t\t\t\t\t\t\t<div class=\"elementor-cta__content\">\n\t\t\t\t\n\t\t\t\t\t\t\t\t\t<h2 class=\"elementor-cta__title elementor-cta__content-item elementor-content-item elementor-animated-item--grow\">\n\t\t\t\t\t\tTrilha de Pesquisa\t\t\t\t\t<\/h2>\n\t\t\t\t\n\t\t\t\t\n\t\t\t\t\t\t\t\t\t<div class=\"elementor-cta__button-wrapper elementor-cta__content-item elementor-content-item elementor-animated-item--grow\">\n\t\t\t\t\t<a class=\"elementor-cta__button elementor-button elementor-size-xs\" href=\"https:\/\/ihc.sbc.org.br\/2024\/trilha-de-pesquisa\/\">\n\t\t\t\t\t\tSaiba mais\t\t\t\t\t<\/a>\n\t\t\t\t\t<\/div>\n\t\t\t\t\t\t\t<\/div>\n\t\t\t\t\t\t<\/div>\n\t\t\t\t\t\t<\/div>\n\t\t\t\t<\/div>\n\t\t\t\t\t<\/div>\n\t\t<\/div>\n\t\t\t\t<div class=\"elementor-column elementor-col-33 elementor-inner-column elementor-element elementor-element-6ccdfe4\" data-id=\"6ccdfe4\" data-element_type=\"column\" data-e-type=\"column\">\n\t\t\t<div class=\"elementor-widget-wrap elementor-element-populated\">\n\t\t\t\t\t\t<div class=\"elementor-element elementor-element-03e1bdc elementor-cta--skin-cover elementor-cta--valign-middle elementor-animated-content elementor-widget elementor-widget-call-to-action\" data-id=\"03e1bdc\" data-element_type=\"widget\" data-e-type=\"widget\" data-widget_type=\"call-to-action.default\">\n\t\t\t\t<div class=\"elementor-widget-container\">\n\t\t\t\t\t\t\t<div class=\"elementor-cta\">\n\t\t\t\t\t<div class=\"elementor-cta__bg-wrapper\">\n\t\t\t\t<div class=\"elementor-cta__bg elementor-bg\" style=\"background-image: url();\" role=\"img\" aria-label=\"\"><\/div>\n\t\t\t\t<div class=\"elementor-cta__bg-overlay\"><\/div>\n\t\t\t<\/div>\n\t\t\t\t\t\t\t<div class=\"elementor-cta__content\">\n\t\t\t\t\n\t\t\t\t\t\t\t\t\t<h2 class=\"elementor-cta__title elementor-cta__content-item elementor-content-item elementor-animated-item--grow\">\n\t\t\t\t\t\tIdeias Inovadoras e Resultados Emergentes\t\t\t\t\t<\/h2>\n\t\t\t\t\n\t\t\t\t\n\t\t\t\t\t\t\t\t\t<div class=\"elementor-cta__button-wrapper elementor-cta__content-item elementor-content-item elementor-animated-item--grow\">\n\t\t\t\t\t<a class=\"elementor-cta__button elementor-button elementor-size-xs\" href=\"https:\/\/ihc.sbc.org.br\/2024\/ideias-inovadores-e-resultados-emergentes\/\">\n\t\t\t\t\t\tSaiba mais\t\t\t\t\t<\/a>\n\t\t\t\t\t<\/div>\n\t\t\t\t\t\t\t<\/div>\n\t\t\t\t\t\t<\/div>\n\t\t\t\t\t\t<\/div>\n\t\t\t\t<\/div>\n\t\t\t\t\t<\/div>\n\t\t<\/div>\n\t\t\t\t<div class=\"elementor-column elementor-col-33 elementor-inner-column elementor-element elementor-element-ddb37b0\" data-id=\"ddb37b0\" data-element_type=\"column\" data-e-type=\"column\">\n\t\t\t<div class=\"elementor-widget-wrap\">\n\t\t\t\t\t\t\t<\/div>\n\t\t<\/div>\n\t\t\t\t\t<\/div>\n\t\t<\/section>\n\t\t\t\t<div class=\"elementor-element elementor-element-65d7988 elementor-widget elementor-widget-spacer\" data-id=\"65d7988\" data-element_type=\"widget\" data-e-type=\"widget\" data-widget_type=\"spacer.default\">\n\t\t\t\t<div class=\"elementor-widget-container\">\n\t\t\t\t\t\t\t<div class=\"elementor-spacer\">\n\t\t\t<div class=\"elementor-spacer-inner\"><\/div>\n\t\t<\/div>\n\t\t\t\t\t\t<\/div>\n\t\t\t\t<\/div>\n\t\t\t\t<div class=\"elementor-element elementor-element-c15fa5f elementor-widget elementor-widget-text-editor\" data-id=\"c15fa5f\" data-element_type=\"widget\" data-e-type=\"widget\" data-widget_type=\"text-editor.default\">\n\t\t\t\t<div class=\"elementor-widget-container\">\n\t\t\t\t\t\t\t\t\t<p><span style=\"font-weight: 400;\">As submiss\u00f5es ser\u00e3o rejeitadas sem revis\u00e3o se (1) n\u00e3o estiverem em conformidade com todas as instru\u00e7\u00f5es apresentadas na se\u00e7\u00e3o &#8220;Instru\u00e7\u00f5es para Submiss\u00e3o&#8221; da trilha, (2) estiverem fora do escopo da Trilha de Pesquisa do IHC 2024 ou (3) tiverem sido enviadas ou publicadas em qualquer outro f\u00f3rum (confer\u00eancia ou peri\u00f3dico). Todos os outros trabalhos ser\u00e3o revisados por pelo menos tr\u00eas membros do comit\u00ea do programa. Se a submiss\u00e3o for aceita, as pessoas autoras devem considerar os coment\u00e1rios das revis\u00f5es para preparar a vers\u00e3o final do artigo.<\/span><\/p><p><span style=\"font-weight: 400;\">Com o intuito de melhorar o processo de revis\u00e3o e a intera\u00e7\u00e3o entre quem submete seu trabalho ao IHC 2024 e o Comit\u00ea de Programa, ser\u00e1 adotado o seguinte procedimento para otimizar a an\u00e1lise, discuss\u00e3o e decis\u00e3o:<\/span><\/p><ul><li style=\"font-weight: 400;\" aria-level=\"1\"><span style=\"font-weight: 400;\">Os artigos que, ap\u00f3s o 1\u00b0 per\u00edodo de revis\u00e3o e discuss\u00e3o, estiverem com todas as revis\u00f5es classificadas como Weak Accept e\/ou Strong Accept ser\u00e3o <\/span><b>aceitos<\/b><span style=\"font-weight: 400;\"> e notificados na data da 1\u00aa notifica\u00e7\u00e3o.<\/span><\/li><li style=\"font-weight: 400;\" aria-level=\"1\"><span style=\"font-weight: 400;\">Os artigos que, ap\u00f3s o 1\u00b0 per\u00edodo de revis\u00e3o e discuss\u00e3o, estiverem com todas as revis\u00f5es classificadas como Weak Reject e\/ou Strong Reject ser\u00e3o <\/span><b>rejeitados<\/b><span style=\"font-weight: 400;\"> e notificados na data da 1\u00aa notifica\u00e7\u00e3o.<\/span><\/li><li style=\"font-weight: 400;\" aria-level=\"1\"><span style=\"font-weight: 400;\">Os demais artigos ser\u00e3o convidados a participar do processo de <\/span><b>revis\u00e3o e ressubmiss\u00e3o<\/b><span style=\"font-weight: 400;\">, descrito abaixo,<\/span> <span style=\"font-weight: 400;\">e as pessoas autoras ser\u00e3o notificadas por e-mail:\u00a0\u00a0<\/span><ul><li style=\"font-weight: 400;\" aria-level=\"2\"><span style=\"font-weight: 400;\">As pessoas autoras ter\u00e3o acesso \u00e0s revis\u00f5es e poder\u00e3o argumentar e responder \u00e0s perguntas indicadas, antes da decis\u00e3o final de aceita\u00e7\u00e3o ou rejei\u00e7\u00e3o, al\u00e9m de preparar uma vers\u00e3o revisada dos seus artigos para ressubmiss\u00e3o.\u00a0<\/span><\/li><li style=\"font-weight: 400;\" aria-level=\"2\"><span style=\"font-weight: 400;\">Para isso, as pessoas autoras de cada submiss\u00e3o dever\u00e3o:<\/span><ul><li style=\"font-weight: 400;\" aria-level=\"3\"><span style=\"font-weight: 400;\">Submeter o texto da r\u00e9plica no campo espec\u00edfico da p\u00e1gina de submiss\u00e3o do JEMS, limitado a um texto sem formata\u00e7\u00e3o de at\u00e9 4.000 caracteres;\u00a0\u00a0<\/span><\/li><li style=\"font-weight: 400;\" aria-level=\"3\"><span style=\"font-weight: 400;\">Enviar uma vers\u00e3o revisada do artigo indicando as altera\u00e7\u00f5es (por exemplo, marca\u00e7\u00e3o amarela ou texto escrito em azul ou vermelho) no formato PDF e seguindo todas as instru\u00e7\u00f5es de submiss\u00e3o previamente definidas.<\/span><\/li><\/ul><\/li><li style=\"font-weight: 400;\" aria-level=\"2\"><span style=\"font-weight: 400;\">Ap\u00f3s nova an\u00e1lise e discuss\u00e3o dos revisores, os artigos ser\u00e3o aceitos ou rejeitados e notificados na data da 2\u00aa notifica\u00e7\u00e3o.\u00a0<\/span><\/li><\/ul><\/li><\/ul><p><span style=\"font-weight: 400;\">Como parte do processo de revis\u00e3o, tamb\u00e9m ser\u00e1 verificado o uso correto do modelo de formata\u00e7\u00e3o e refer\u00eancia adotado pelo evento, bem como o atendimento aos aspectos \u00e9ticos.<\/span><\/p><p><span style=\"font-weight: 400;\">Embora n\u00e3o interfira na avalia\u00e7\u00e3o final do artigo, as pessoas revisoras tamb\u00e9m ser\u00e3o convidadas a verificarem a exist\u00eancia de refer\u00eancias a publica\u00e7\u00f5es do IHC ou do Journal on Interactive Systems (JIS), al\u00e9m da ado\u00e7\u00e3o de refer\u00eancias a trabalhos relevantes de mulheres, pesquisadores de pa\u00edses em desenvolvimento (por exemplo, os da Sociedade Brasileira de Computa\u00e7\u00e3o) e grupos sub-representados.<\/span><\/p>\t\t\t\t\t\t\t\t<\/div>\n\t\t\t\t<\/div>\n\t\t\t\t\t<\/div>\n\t\t<\/div>\n\t\t\t\t\t<\/div>\n\t\t<\/section>\n\t\t\t\t<\/div>\n\t\t","protected":false},"excerpt":{"rendered":"<p>As instru\u00e7\u00f5es a seguir s\u00e3o aplic\u00e1veis \u00e0s trilhas indicadas abaixo. Para informa\u00e7\u00f5es adicionais sobre as trilhas, consulte as p\u00e1ginas espec\u00edficas: Trilha de Pesquisa Saiba mais Ideias Inovadoras e Resultados Emergentes Saiba mais As submiss\u00f5es ser\u00e3o rejeitadas sem revis\u00e3o se (1) n\u00e3o estiverem em conformidade com todas as instru\u00e7\u00f5es apresentadas na se\u00e7\u00e3o &#8220;Instru\u00e7\u00f5es para Submiss\u00e3o&#8221; da&hellip; <a class=\"more-link\" href=\"https:\/\/ihc.sbc.org.br\/2024\/processo-revisar-e-ressubmeter\/\">Continuar lendo <span class=\"screen-reader-text\">Processo Revisar e Ressubmeter<\/span><\/a><\/p>\n","protected":false},"author":7,"featured_media":0,"parent":0,"menu_order":0,"comment_status":"closed","ping_status":"closed","template":"elementor_canvas","meta":{"footnotes":""},"class_list":["post-7417","page","type-page","status-publish","hentry","entry"],"yoast_head":"<!-- This site is optimized with the Yoast SEO plugin v27.4 - https:\/\/yoast.com\/product\/yoast-seo-wordpress\/ -->\n<title>Processo Revisar e Ressubmeter &#187; IHC 2024<\/title>\n<meta name=\"robots\" content=\"index, follow, max-snippet:-1, max-image-preview:large, max-video-preview:-1\" \/>\n<link rel=\"canonical\" href=\"https:\/\/ihc.sbc.org.br\/2024\/processo-revisar-e-ressubmeter\/\" \/>\n<meta property=\"og:locale\" content=\"pt_BR\" \/>\n<meta property=\"og:type\" content=\"article\" \/>\n<meta property=\"og:title\" content=\"Processo Revisar e Ressubmeter &#187; IHC 2024\" \/>\n<meta property=\"og:description\" content=\"As instru\u00e7\u00f5es a seguir s\u00e3o aplic\u00e1veis \u00e0s trilhas indicadas abaixo. Para informa\u00e7\u00f5es adicionais sobre as trilhas, consulte as p\u00e1ginas espec\u00edficas: Trilha de Pesquisa Saiba mais Ideias Inovadoras e Resultados Emergentes Saiba mais As submiss\u00f5es ser\u00e3o rejeitadas sem revis\u00e3o se (1) n\u00e3o estiverem em conformidade com todas as instru\u00e7\u00f5es apresentadas na se\u00e7\u00e3o &#8220;Instru\u00e7\u00f5es para Submiss\u00e3o&#8221; da&hellip; Continuar lendo Processo Revisar e Ressubmeter\" \/>\n<meta property=\"og:url\" content=\"https:\/\/ihc.sbc.org.br\/2024\/processo-revisar-e-ressubmeter\/\" \/>\n<meta property=\"og:site_name\" content=\"IHC 2024\" \/>\n<meta property=\"article:modified_time\" content=\"2024-09-12T00:20:12+00:00\" \/>\n<meta name=\"twitter:card\" content=\"summary_large_image\" \/>\n<meta name=\"twitter:label1\" content=\"Est. tempo de leitura\" \/>\n\t<meta name=\"twitter:data1\" content=\"3 minutos\" \/>\n<script type=\"application\/ld+json\" class=\"yoast-schema-graph\">{\"@context\":\"https:\\\/\\\/schema.org\",\"@graph\":[{\"@type\":\"WebPage\",\"@id\":\"https:\\\/\\\/ihc.sbc.org.br\\\/2024\\\/processo-revisar-e-ressubmeter\\\/\",\"url\":\"https:\\\/\\\/ihc.sbc.org.br\\\/2024\\\/processo-revisar-e-ressubmeter\\\/\",\"name\":\"Processo Revisar e Ressubmeter &#187; IHC 2024\",\"isPartOf\":{\"@id\":\"https:\\\/\\\/ihc.sbc.org.br\\\/2024\\\/#website\"},\"datePublished\":\"2023-12-23T23:47:42+00:00\",\"dateModified\":\"2024-09-12T00:20:12+00:00\",\"breadcrumb\":{\"@id\":\"https:\\\/\\\/ihc.sbc.org.br\\\/2024\\\/processo-revisar-e-ressubmeter\\\/#breadcrumb\"},\"inLanguage\":\"pt-BR\",\"potentialAction\":[{\"@type\":\"ReadAction\",\"target\":[\"https:\\\/\\\/ihc.sbc.org.br\\\/2024\\\/processo-revisar-e-ressubmeter\\\/\"]}]},{\"@type\":\"BreadcrumbList\",\"@id\":\"https:\\\/\\\/ihc.sbc.org.br\\\/2024\\\/processo-revisar-e-ressubmeter\\\/#breadcrumb\",\"itemListElement\":[{\"@type\":\"ListItem\",\"position\":1,\"name\":\"In\u00edcio\",\"item\":\"https:\\\/\\\/ihc.sbc.org.br\\\/2024\\\/\"},{\"@type\":\"ListItem\",\"position\":2,\"name\":\"Processo Revisar e Ressubmeter\"}]},{\"@type\":\"WebSite\",\"@id\":\"https:\\\/\\\/ihc.sbc.org.br\\\/2024\\\/#website\",\"url\":\"https:\\\/\\\/ihc.sbc.org.br\\\/2024\\\/\",\"name\":\"IHC 2024\",\"description\":\"Simp\u00f3sio Brasileiro Sobre Fatores Humanos em Sistemas Computacionais\",\"publisher\":{\"@id\":\"https:\\\/\\\/ihc.sbc.org.br\\\/2024\\\/#organization\"},\"potentialAction\":[{\"@type\":\"SearchAction\",\"target\":{\"@type\":\"EntryPoint\",\"urlTemplate\":\"https:\\\/\\\/ihc.sbc.org.br\\\/2024\\\/?s={search_term_string}\"},\"query-input\":{\"@type\":\"PropertyValueSpecification\",\"valueRequired\":true,\"valueName\":\"search_term_string\"}}],\"inLanguage\":\"pt-BR\"},{\"@type\":\"Organization\",\"@id\":\"https:\\\/\\\/ihc.sbc.org.br\\\/2024\\\/#organization\",\"name\":\"IHC 2021\",\"url\":\"https:\\\/\\\/ihc.sbc.org.br\\\/2024\\\/\",\"logo\":{\"@type\":\"ImageObject\",\"inLanguage\":\"pt-BR\",\"@id\":\"https:\\\/\\\/ihc.sbc.org.br\\\/2024\\\/#\\\/schema\\\/logo\\\/image\\\/\",\"url\":\"https:\\\/\\\/ihc.sbc.org.br\\\/2024\\\/wp-content\\\/uploads\\\/2021\\\/02\\\/LOGO-IHC-20212-completo.png\",\"contentUrl\":\"https:\\\/\\\/ihc.sbc.org.br\\\/2024\\\/wp-content\\\/uploads\\\/2021\\\/02\\\/LOGO-IHC-20212-completo.png\",\"width\":1365,\"height\":499,\"caption\":\"IHC 2021\"},\"image\":{\"@id\":\"https:\\\/\\\/ihc.sbc.org.br\\\/2024\\\/#\\\/schema\\\/logo\\\/image\\\/\"}}]}<\/script>\n<!-- \/ Yoast SEO plugin. -->","yoast_head_json":{"title":"Processo Revisar e Ressubmeter &#187; IHC 2024","robots":{"index":"index","follow":"follow","max-snippet":"max-snippet:-1","max-image-preview":"max-image-preview:large","max-video-preview":"max-video-preview:-1"},"canonical":"https:\/\/ihc.sbc.org.br\/2024\/processo-revisar-e-ressubmeter\/","og_locale":"pt_BR","og_type":"article","og_title":"Processo Revisar e Ressubmeter &#187; IHC 2024","og_description":"As instru\u00e7\u00f5es a seguir s\u00e3o aplic\u00e1veis \u00e0s trilhas indicadas abaixo. Para informa\u00e7\u00f5es adicionais sobre as trilhas, consulte as p\u00e1ginas espec\u00edficas: Trilha de Pesquisa Saiba mais Ideias Inovadoras e Resultados Emergentes Saiba mais As submiss\u00f5es ser\u00e3o rejeitadas sem revis\u00e3o se (1) n\u00e3o estiverem em conformidade com todas as instru\u00e7\u00f5es apresentadas na se\u00e7\u00e3o &#8220;Instru\u00e7\u00f5es para Submiss\u00e3o&#8221; da&hellip; Continuar lendo Processo Revisar e Ressubmeter","og_url":"https:\/\/ihc.sbc.org.br\/2024\/processo-revisar-e-ressubmeter\/","og_site_name":"IHC 2024","article_modified_time":"2024-09-12T00:20:12+00:00","twitter_card":"summary_large_image","twitter_misc":{"Est. tempo de leitura":"3 minutos"},"schema":{"@context":"https:\/\/schema.org","@graph":[{"@type":"WebPage","@id":"https:\/\/ihc.sbc.org.br\/2024\/processo-revisar-e-ressubmeter\/","url":"https:\/\/ihc.sbc.org.br\/2024\/processo-revisar-e-ressubmeter\/","name":"Processo Revisar e Ressubmeter &#187; IHC 2024","isPartOf":{"@id":"https:\/\/ihc.sbc.org.br\/2024\/#website"},"datePublished":"2023-12-23T23:47:42+00:00","dateModified":"2024-09-12T00:20:12+00:00","breadcrumb":{"@id":"https:\/\/ihc.sbc.org.br\/2024\/processo-revisar-e-ressubmeter\/#breadcrumb"},"inLanguage":"pt-BR","potentialAction":[{"@type":"ReadAction","target":["https:\/\/ihc.sbc.org.br\/2024\/processo-revisar-e-ressubmeter\/"]}]},{"@type":"BreadcrumbList","@id":"https:\/\/ihc.sbc.org.br\/2024\/processo-revisar-e-ressubmeter\/#breadcrumb","itemListElement":[{"@type":"ListItem","position":1,"name":"In\u00edcio","item":"https:\/\/ihc.sbc.org.br\/2024\/"},{"@type":"ListItem","position":2,"name":"Processo Revisar e Ressubmeter"}]},{"@type":"WebSite","@id":"https:\/\/ihc.sbc.org.br\/2024\/#website","url":"https:\/\/ihc.sbc.org.br\/2024\/","name":"IHC 2024","description":"Simp\u00f3sio Brasileiro Sobre Fatores Humanos em Sistemas Computacionais","publisher":{"@id":"https:\/\/ihc.sbc.org.br\/2024\/#organization"},"potentialAction":[{"@type":"SearchAction","target":{"@type":"EntryPoint","urlTemplate":"https:\/\/ihc.sbc.org.br\/2024\/?s={search_term_string}"},"query-input":{"@type":"PropertyValueSpecification","valueRequired":true,"valueName":"search_term_string"}}],"inLanguage":"pt-BR"},{"@type":"Organization","@id":"https:\/\/ihc.sbc.org.br\/2024\/#organization","name":"IHC 2021","url":"https:\/\/ihc.sbc.org.br\/2024\/","logo":{"@type":"ImageObject","inLanguage":"pt-BR","@id":"https:\/\/ihc.sbc.org.br\/2024\/#\/schema\/logo\/image\/","url":"https:\/\/ihc.sbc.org.br\/2024\/wp-content\/uploads\/2021\/02\/LOGO-IHC-20212-completo.png","contentUrl":"https:\/\/ihc.sbc.org.br\/2024\/wp-content\/uploads\/2021\/02\/LOGO-IHC-20212-completo.png","width":1365,"height":499,"caption":"IHC 2021"},"image":{"@id":"https:\/\/ihc.sbc.org.br\/2024\/#\/schema\/logo\/image\/"}}]}},"_links":{"self":[{"href":"https:\/\/ihc.sbc.org.br\/2024\/wp-json\/wp\/v2\/pages\/7417","targetHints":{"allow":["GET"]}}],"collection":[{"href":"https:\/\/ihc.sbc.org.br\/2024\/wp-json\/wp\/v2\/pages"}],"about":[{"href":"https:\/\/ihc.sbc.org.br\/2024\/wp-json\/wp\/v2\/types\/page"}],"author":[{"embeddable":true,"href":"https:\/\/ihc.sbc.org.br\/2024\/wp-json\/wp\/v2\/users\/7"}],"replies":[{"embeddable":true,"href":"https:\/\/ihc.sbc.org.br\/2024\/wp-json\/wp\/v2\/comments?post=7417"}],"version-history":[{"count":13,"href":"https:\/\/ihc.sbc.org.br\/2024\/wp-json\/wp\/v2\/pages\/7417\/revisions"}],"predecessor-version":[{"id":9646,"href":"https:\/\/ihc.sbc.org.br\/2024\/wp-json\/wp\/v2\/pages\/7417\/revisions\/9646"}],"wp:attachment":[{"href":"https:\/\/ihc.sbc.org.br\/2024\/wp-json\/wp\/v2\/media?parent=7417"}],"curies":[{"name":"wp","href":"https:\/\/api.w.org\/{rel}","templated":true}]}}